{"id":1136,"date":"2012-02-19T21:37:26","date_gmt":"2012-02-19T21:37:26","guid":{"rendered":"http:\/\/www.elmundodegallasalva.es\/?page_id=1136"},"modified":"2015-10-13T15:14:24","modified_gmt":"2015-10-13T15:14:24","slug":"el-laberinto-de-la-oca-y-asterio-hermes","status":"publish","type":"page","link":"http:\/\/www.elmundodegallasalva.es\/?page_id=1136","title":{"rendered":"El Laberinto de la Oca y el Tridente de Poseid\u00f3n"},"content":{"rendered":"<p style=\"text-align: center;\"><span style=\"color: #800000;\"><strong><em>Seg\u00fan la Historia General de Espa\u00f1a: <\/em><em>\u00ab&#8230;&#8230;el monte Idubeda (llamado as\u00ed por los antiguos) se desgaja. Tiene su principio cerca de las fuentes del Ebro, que est\u00e1n sobre los Pelendones, pueblos antiguos de Espa\u00f1a: por mejor decir nace en las vertientes de Asturias, donde est\u00e1 un pueblo por nombre Fontibre, que es lo mismo que fuentes de Ebro. Al presente este monte Idubeda se llama Montes de Oca del nombre de una ciudad antigua llamada Auca, cuyos rastros se muestran cerca de Villafranca cinco leguas sobre Burgos&#8230;..\u00bb<\/em><\/strong><\/span><\/p>\n<address style=\"text-align: center;\"><span style=\"font-size: xx-small;\"><a href=\"http:\/\/books.google.es\/books?id=-JYLAAAAYAAJ&amp;pg=PA141&amp;lpg=PA141&amp;dq=%22+rey+Beto%22+rey+de+espa%C3%B1a&amp;source=web&amp;ots=2iX0bcSnp1&amp;sig=nn4cH3qs3jKzdGP1_0K3guYLW88&amp;hl=es&amp;sa=X&amp;oi=book_result&amp;resnum=1&amp;ct=result#PPA3,M1\" target=\"_top\">http:\/\/books.google.es\/books?id=-JYLAAAAYAAJ&amp;pg=PA141&amp;lpg=PA141&amp;dq=%22+rey+Beto%22+rey+de+espa%C3%B1a&amp;source=web&amp;ots=2iX0bcSnp1&amp;sig=nn4cH3qs3jKzdGP1_<\/a><\/span><\/address>\n<address style=\"text-align: center;\"><span style=\"color: #000080; font-size: xx-small;\">0K3guYLW88&amp;hl=es&amp;sa=X&amp;oi=book_result&amp;resnum=1&amp;ct=result#PPA3,M1<\/span><\/address>\n<p style=\"text-align: center;\"><a href=\"http:\/\/www.elmundodegallasalva.es\/wp-content\/uploads\/2011\/07\/carmen_fotos-891.jpg\"><img loading=\"lazy\" class=\"aligncenter size-medium wp-image-1097\" title=\"carmen_fotos 891\" src=\"http:\/\/www.elmundodegallasalva.es\/wp-content\/uploads\/2011\/07\/carmen_fotos-891-300x240.jpg\" alt=\"\" width=\"300\" height=\"240\" srcset=\"http:\/\/www.elmundodegallasalva.es\/wp-content\/uploads\/2011\/07\/carmen_fotos-891-300x240.jpg 300w, http:\/\/www.elmundodegallasalva.es\/wp-content\/uploads\/2011\/07\/carmen_fotos-891.jpg 360w\" sizes=\"(max-width: 300px) 100vw, 300px\" \/><\/a><\/p>\n<p style=\"text-align: center;\"><strong>Vemos en la foto la carretera que va a Fontibre, en Reinosa y\u00a0 las columnas que dicen trajeron de Juliobriga y que detr\u00e1s est\u00e1 el cementerio municipal.<\/strong><\/p>\n<p style=\"text-align: center;\"><strong>Se puede apreciar en\u00a0 muchos escritos antiguos\u00a0 que el Ebro nace en Asturias, aunque actualmente esto sea Cantabria<\/strong>.<\/p>\n<p style=\"text-align: center;\"><strong>Los reyes m\u00edticos de Espa\u00f1a, descendientes de Jafet hijo de No\u00e9 fueron\u00a0 seis: T\u00fabal, Ibero, Idubeda, Brigo, Tago y Beto. A partir de ah\u00ed empez\u00f3 la famosa guerra de la Atl\u00e1ntida, la primera despu\u00e9s del Diluvio y que fue protagonizada por el Tit\u00e1n Geri\u00f3n que gobern\u00f3 la Pan\u00ednsula o Pen\u00ednsula y que fue de alguna manera el que puso fin a la era de C\u00e1ncer, representada por el Diluvio. Despu\u00e9s de \u00abcortar la cabeza de la Medusa\u00bb,\u00a0 cosa que simboliza el fin de la era de C\u00e1ncer, empez\u00f3 la era de G\u00e9minis representada por los los mellizos que fueron el Caballo Alado Pegaso y Crisaor,\u00a0 m\u00e1s conocidos como Osiris y Anubis y cuyo padre era Poseid\u00f3n que se identifica tambi\u00e9n con Geri\u00f3n y con Pan.\u00a0 Osiris sucedi\u00f3 en el gobierno de la Pan\u00ednsula a su padre, que era el representante masculino o mes\u00edas de la era C\u00e1ncer,\u00a0 un arquetipo de Capricornio y por lo tanto de signo opuesto al de la era en questi\u00f3n, osea que era ese Capricornio tan feo y que al nacer se asust\u00f3 tanto su madre, que de ah\u00ed viene la palabra p\u00e1nico, que naci\u00f3 el d\u00eda 25 de diciembre y que ha sido tambi\u00e9n identificado con Saturno-Sat\u00e1n o ese demonio con cuernos, pezu\u00f1as y rabo que va armado con un\u00a0 tridente y que gobierna el mundo infernal y que devora a sus propios hijos. Debemos tener en cuenta que aqu\u00ed se est\u00e1 hablando de arquetipos de una Era, de un mes\u00edas Capricornio que era negro, porque negro es el color de Capricornio y que se identifica tambi\u00e9n con la Piedra. Todo ello tiene tambi\u00e9n un simbolismo alqu\u00edmico.<\/strong><\/p>\n<p style=\"text-align: center;\"><strong><a href=\"http:\/\/www.elmundodegallasalva.es\/wp-content\/uploads\/2012\/02\/Rotaci\u00f3ncarmen_fotos-2086.jpg\"><img loading=\"lazy\" class=\"aligncenter size-medium wp-image-1110\" title=\"Rotaci\u00f3ncarmen_fotos 2086\" src=\"http:\/\/www.elmundodegallasalva.es\/wp-content\/uploads\/2012\/02\/Rotaci\u00f3ncarmen_fotos-2086-245x300.jpg\" alt=\"\" width=\"245\" height=\"300\" srcset=\"http:\/\/www.elmundodegallasalva.es\/wp-content\/uploads\/2012\/02\/Rotaci\u00f3ncarmen_fotos-2086-245x300.jpg 245w, http:\/\/www.elmundodegallasalva.es\/wp-content\/uploads\/2012\/02\/Rotaci\u00f3ncarmen_fotos-2086.jpg 288w\" sizes=\"(max-width: 245px) 100vw, 245px\" \/><\/a><\/strong><\/p>\n<p style=\"text-align: center;\"><strong>Vemos en la foto un fragmento del sarc\u00f3fago de San F\u00e9lix, que est\u00e1 en la Colegiata de San F\u00e9lix y en \u00e9l vemos a San Narciso conjurando al demonio negro que ten\u00eda poseidas a Santa\u00a0 Afra\u00a0 de Augsburgo y a sus tres sirvientas.\u00a0 Debemos de resaltar, que de alguna manera San Narciso emula a Osiris y hasta podr\u00edan tratarse del mismo,\u00a0 ya que las fiestas de Osiris y las del patr\u00f3n de Gerona (que es\u00a0 San Narciso), son el mismo d\u00eda 29 de octubre.<\/strong><\/p>\n<p>\u00a0<strong>El monte Idubeda, que nace en las fuentes del Ebro recibe su nombre por Idubeda, que fue el hijo de Ibero, siendo est\u00e9 \u00fatimo hijo de T\u00fabal y el que da nombre a la Pan\u00ednsula o Pen\u00ednsula Ib\u00e9rica y al r\u00edo Ibero o Ebro. <\/strong><\/p>\n<p style=\"text-align: center;\"><strong>Sucedi\u00f3\u00a0 a Idubeda\u00a0 su hijo Brigo, en honor del cual se fundar\u00eda Juliobriga, que est\u00e1 tambi\u00e9n en Reinosa o donde nace el r\u00edo Ebro. Durante el reinado de \u00e9ste se fundaron diversas colonias y de entre ellas estaba Brigia,\u00a0 que conocemos como Frigia y da nombre al Caputaque Frigide o actual Golfo de Rosas, en el Mediterraneo. En el mar Atl\u00e1ntico di\u00f3 nombre a las Islas Brit\u00e1nicas.<\/strong><\/p>\n<p>\u00a0<strong>A Brigo\u00a0 le sucedi\u00f3 su hijo Tago, en honor al cual se fundaron los Tagas o Tagos de la antigua Pan\u00ednsula. Sucediole a Tago su hijo Beto, que di\u00f3 nombre a la B\u00e9tica.<\/strong><\/p>\n<p style=\"text-align: center;\"><strong><a href=\"http:\/\/www.elmundodegallasalva.es\/wp-content\/uploads\/2012\/01\/Rotaci\u00f3ncarmen_fotos-1433.jpg\"><img loading=\"lazy\" class=\"aligncenter size-medium wp-image-973\" title=\"Rotaci\u00f3ncarmen_fotos 1433\" src=\"http:\/\/www.elmundodegallasalva.es\/wp-content\/uploads\/2012\/01\/Rotaci\u00f3ncarmen_fotos-1433-245x300.jpg\" alt=\"\" width=\"245\" height=\"300\" srcset=\"http:\/\/www.elmundodegallasalva.es\/wp-content\/uploads\/2012\/01\/Rotaci\u00f3ncarmen_fotos-1433-245x300.jpg 245w, http:\/\/www.elmundodegallasalva.es\/wp-content\/uploads\/2012\/01\/Rotaci\u00f3ncarmen_fotos-1433.jpg 288w\" sizes=\"(max-width: 245px) 100vw, 245px\" \/><\/a><\/strong><\/p>\n<p style=\"text-align: center;\"><strong>Vemos en el dibujo a San Narciso, \u00e9mulo de Osiris, que ha domesticado al Drag\u00f3n o fuerza oscura o Demonio Poseid\u00f3n, que se hab\u00eda posesionado de Santa Afra y sus sirvientas.<\/strong><\/p>\n<p style=\"text-align: center;\"><strong>\u00abIANUA SUM\u00bb, lat\u00edn traducible por \u00abYo soy la puerta\u00bb, estas palabras son las que suelen rezar a la entrada del laberinto y suele representarse tambi\u00e9n a Jano (Saturno), dios de las puertas,\u00a0 con una cabeza cortada gigante. Ianuarius o Januarius es el mes de enero, que da nombre a Jano-Saturno-Poseid\u00f3n. Se identifica tambi\u00e9n con San Pedro o la Piedra Negra o el Nigredo alquimista y con San Juan Bautista.<\/strong><\/p>\n<p style=\"text-align: center;\"><a href=\"http:\/\/www.elmundodegallasalva.es\/wp-content\/uploads\/2012\/06\/Imagen-048.jpg\"><img loading=\"lazy\" class=\"aligncenter size-medium wp-image-1466\" title=\"Imagen 048\" src=\"http:\/\/www.elmundodegallasalva.es\/wp-content\/uploads\/2012\/06\/Imagen-048-300x225.jpg\" alt=\"\" width=\"300\" height=\"225\" srcset=\"http:\/\/www.elmundodegallasalva.es\/wp-content\/uploads\/2012\/06\/Imagen-048-300x225.jpg 300w, http:\/\/www.elmundodegallasalva.es\/wp-content\/uploads\/2012\/06\/Imagen-048.jpg 640w\" sizes=\"(max-width: 300px) 100vw, 300px\" \/><\/a><\/p>\n<p style=\"text-align: center;\"><strong>Vemos en la foto del lateral de la puerta de San Pedro Galligans de Gerona como aparece una cabeza cortada que representa a Jano, el guardi\u00e1n de las puertas reglamentario y que evidentemente se identifica tambi\u00e9n con San Pedro y por ello se llama San Pedro Galligans. Portan la cabeza\u00a0 dos caballitos que representan al Caballo Pegaso.<\/strong><\/p>\n<p style=\"text-align: center;\"><strong>La Cabeza de Jano o Cabeza de Juan, que es como le l<\/strong><strong>lamaban los antiguos porque encabezaba el a\u00f1o&#8230;se suele fusionar tambi\u00e9n \u00a0con San Juan Bautista y al juntarse con San Juan Evangelista se forma el \u00e1guila bic\u00e9fala.<\/strong><\/p>\n<p style=\"text-align: center;\"><strong><a href=\"http:\/\/www.elmundodegallasalva.es\/wp-content\/uploads\/2011\/06\/manuscrit.jpg\"><img loading=\"lazy\" class=\"aligncenter size-medium wp-image-69\" title=\"manuscrit\" src=\"http:\/\/www.elmundodegallasalva.es\/wp-content\/uploads\/2011\/06\/manuscrit-300x97.jpg\" alt=\"\" width=\"381\" height=\"118\" \/><\/a><\/strong><\/p>\n<p style=\"text-align: center;\"><strong>Vemos tambi\u00e9n en ilustraciones antiguas como se identifica al Creador con La Cabeza cortada de Jano-Pan y como se convierte tambi\u00e9n en la figura del Pantocrator, relacionando el asunto con el proceso alqu\u00edmico final de la Creaci\u00f3n.<\/strong><\/p>\n<p style=\"text-align: center;\"><strong>Jano es pu\u00e9s el guardi\u00e1n de las puertas o del Laberinto de la Oca <\/strong><strong>antiguo, antiguo Camino de la Oca o Camino de las Estrellas, el\u00a0 laberinto que hay que recorrer a modo de iniciaci\u00f3n y el antiqu\u00edsimo\u00a0 s\u00edmbolo de la pata de oca se identifica con el tridente de Poseid\u00f3n y con los atlantes o astr\u00f3logos.<\/strong><\/p>\n<p style=\"text-align: center;\"><strong>Es Beforo el que afirma las siguientes palabras:<\/strong><\/p>\n<p style=\"text-align: center;\"><strong><em>\u00abEntonces el viegifsimo entre todos los padres No\u00e9, habiendonos y\u00e1 antes educado en la Theolog\u00eda y Sagrados Ritos, comenz\u00f3 tambien,\u00a0 \u00e1 educarlos en la humana Sabidur\u00eda\u00bb<\/em><\/strong><\/p>\n<p style=\"text-align: center;\"><strong>No es de extra\u00f1ar que cerca del nacimiento del r\u00edo Ebro se halle el Pico Jano y que como dir\u00edan los antiguos est\u00e1 en las Asturias, aunque actualmente est\u00e9 en Cantabria.<\/strong><\/p>\n<p style=\"text-align: center;\"><strong><a href=\"http:\/\/www.elmundodegallasalva.es\/wp-content\/uploads\/2012\/02\/monta\u00f1a-piramidal.jpg\"><img loading=\"lazy\" class=\"aligncenter size-medium wp-image-1141\" title=\"monta\u00f1a piramidal\" src=\"http:\/\/www.elmundodegallasalva.es\/wp-content\/uploads\/2012\/02\/monta\u00f1a-piramidal-300x225.jpg\" alt=\"\" width=\"300\" height=\"225\" srcset=\"http:\/\/www.elmundodegallasalva.es\/wp-content\/uploads\/2012\/02\/monta\u00f1a-piramidal-300x225.jpg 300w, http:\/\/www.elmundodegallasalva.es\/wp-content\/uploads\/2012\/02\/monta\u00f1a-piramidal.jpg 400w\" sizes=\"(max-width: 300px) 100vw, 300px\" \/><\/a><\/strong><\/p>\n<p style=\"text-align: center;\"><strong>Vista del Pico Jano, que est\u00e1 algo borroso por la niebla. La foto est\u00e1 tomada desde un alto de San Miguel de Aguayo, desde el que se ve\u00eda tambi\u00e9n el Embalse del Ebro a la izquierda de la foto.\u00a0 Antiguamente pasaba por aqu\u00ed el camino que sub\u00eda a Aguayo,\u00a0 desde Orzales y que iba a Pico Jano tambi\u00e9n, que actualmente han puesto encima el embalse de Mediajo Frio, al que suben el agua del embalse del Ebro por una ca\u00f1er\u00eda y que luego lo bajan al embalse de Alsa, que est\u00e1 m\u00e1s abajo del Pico Jano. <\/strong><\/p>\n<p style=\"text-align: center;\"><strong>El camino que sub\u00eda\u00a0 de\u00a0 Orzales, al llegar a San Miguel de Aguayo, se encontraba con el barrio de Somav\u00eda, que como su nombre indica era una especie de v\u00eda o camino del soma; que nos recuerda a los Vedas y al Idubeda y a los anakoretas o sacerdotes de Anak o Enoch que poblaron esos montes y que fundaron las ermitas rupestres que hay por la zona.<\/strong><\/p>\n<p style=\"text-align: center;\"><a href=\"http:\/\/www.elmundodegallasalva.es\/wp-content\/uploads\/2012\/02\/SAM_0247.jpg\"><img loading=\"lazy\" class=\"aligncenter size-medium wp-image-1561\" title=\"SAM_0247\" src=\"http:\/\/www.elmundodegallasalva.es\/wp-content\/uploads\/2012\/02\/SAM_0247-300x168.jpg\" alt=\"\" width=\"300\" height=\"168\" srcset=\"http:\/\/www.elmundodegallasalva.es\/wp-content\/uploads\/2012\/02\/SAM_0247-300x168.jpg 300w, http:\/\/www.elmundodegallasalva.es\/wp-content\/uploads\/2012\/02\/SAM_0247-1024x576.jpg 1024w, http:\/\/www.elmundodegallasalva.es\/wp-content\/uploads\/2012\/02\/SAM_0247.jpg 1696w\" sizes=\"(max-width: 300px) 100vw, 300px\" \/><\/a><\/p>\n<p style=\"text-align: center;\"><strong>Pico jano o Ano, como tambi\u00e9n le dicen los lugare\u00f1os.<\/strong><\/p>\n<p style=\"text-align: center;\">\u00a0<strong>Seg\u00fan el libro Asturias Ilustrada:<\/strong><\/p>\n<p style=\"text-align: center;\"><em><strong>\u00abLos celtiberos fue nombre, que se di\u00f3 a los celtas, que habitaron junto al r\u00edo Hebro, y el nacimiento de este r\u00edo ya diximos era en Cantabria antigua, bien cerca de las monta\u00f1as que hoy corresponden a Asturias, y afsi lo afirma el mismo Strabon diciendo: <\/strong><\/em><\/p>\n<p style=\"text-align: center;\"><strong><em>El nacimiento de el Hebro es en la Cantabria. Los vecinos de estos, que habitan en la parte de el Boreas, o Septentri\u00f3n, son los que oy\u00a0 habitan las Monta\u00f1as de quatro Villas, y en las de Asturias\u00bb<\/em><\/strong><\/p>\n<p style=\"text-align: center;\"><strong>El nombre de Asturias viene de\u00a0 Astur, que <\/strong><strong>seg\u00fan la C\u00f3smolog\u00eda de Tolomeo: <\/strong><strong>Afterio o Aftur (que es Asterio o Astur seg\u00fan se lea porque la s y la f se confunden) es hermano de H\u00e9rcules, ambos hijos de Osiris. Astur se llam\u00f3 a Mercurio Trismegistro.<\/strong><\/p>\n<p style=\"text-align: center;\"><strong>V\u00e9ase tambi\u00e9n:<\/strong><\/p>\n<h1 style=\"text-align: center;\"><a title=\"El Antiguo de los D\u00edas y su hija la Reina Munt\" href=\"..\/?page_id=1267\" rel=\"bookmark\">El Antiguo de los D\u00edas y su hija la Reina Munt<\/a><\/h1>\n","protected":false},"excerpt":{"rendered":"<p>Seg\u00fan la Historia General de Espa\u00f1a: \u00ab&#8230;&#8230;el monte Idubeda (llamado as\u00ed por los antiguos) se desgaja. Tiene su principio cerca&hellip;<\/p>\n","protected":false},"author":1,"featured_media":0,"parent":2007,"menu_order":0,"comment_status":"closed","ping_status":"closed","template":"","meta":{"_monsterinsights_skip_tracking":false,"_monsterinsights_sitenote_active":false,"_monsterinsights_sitenote_note":"","_monsterinsights_sitenote_category":0},"_links":{"self":[{"href":"http:\/\/www.elmundodegallasalva.es\/index.php?rest_route=\/wp\/v2\/pages\/1136"}],"collection":[{"href":"http:\/\/www.elmundodegallasalva.es\/index.php?rest_route=\/wp\/v2\/pages"}],"about":[{"href":"http:\/\/www.elmundodegallasalva.es\/index.php?rest_route=\/wp\/v2\/types\/page"}],"author":[{"embeddable":true,"href":"http:\/\/www.elmundodegallasalva.es\/index.php?rest_route=\/wp\/v2\/users\/1"}],"replies":[{"embeddable":true,"href":"http:\/\/www.elmundodegallasalva.es\/index.php?rest_route=%2Fwp%2Fv2%2Fcomments&post=1136"}],"version-history":[{"count":0,"href":"http:\/\/www.elmundodegallasalva.es\/index.php?rest_route=\/wp\/v2\/pages\/1136\/revisions"}],"up":[{"embeddable":true,"href":"http:\/\/www.elmundodegallasalva.es\/index.php?rest_route=\/wp\/v2\/pages\/2007"}],"wp:attachment":[{"href":"http:\/\/www.elmundodegallasalva.es\/index.php?rest_route=%2Fwp%2Fv2%2Fmedia&parent=1136"}],"curies":[{"name":"wp","href":"https:\/\/api.w.org\/{rel}","templated":true}]}}