{"id":1475,"date":"2012-06-16T03:45:38","date_gmt":"2012-06-16T03:45:38","guid":{"rendered":"http:\/\/www.elmundodegallasalva.es\/?page_id=1475"},"modified":"2015-11-21T17:41:52","modified_gmt":"2015-11-21T17:41:52","slug":"san-antonio-san-juan-san-pedro-y-los-anunakis","status":"publish","type":"page","link":"http:\/\/www.elmundodegallasalva.es\/?page_id=1475","title":{"rendered":"San Antonio, San Juan, San Pedro y los anunakis"},"content":{"rendered":"<p style=\"text-align: center;\"><a href=\"http:\/\/www.elmundodegallasalva.es\/wp-content\/uploads\/2012\/06\/Imagen-224.jpg\"><img loading=\"lazy\" class=\"aligncenter size-medium wp-image-1476\" title=\"Imagen 224\" src=\"http:\/\/www.elmundodegallasalva.es\/wp-content\/uploads\/2012\/06\/Imagen-224-225x300.jpg\" alt=\"\" width=\"225\" height=\"300\" srcset=\"http:\/\/www.elmundodegallasalva.es\/wp-content\/uploads\/2012\/06\/Imagen-224-225x300.jpg 225w, http:\/\/www.elmundodegallasalva.es\/wp-content\/uploads\/2012\/06\/Imagen-224.jpg 480w\" sizes=\"(max-width: 225px) 100vw, 225px\" \/><\/a><\/p>\n<p style=\"text-align: center;\"><strong>Con el estilo que me caracteriza,\u00a0 que ya se que es superable, esta es una foto de San Antonio. Se conoce a este santo como muy milagrero para encontrar novio o como protector de los animales, sin embargo antiguamente era venerado como el patr\u00f3n de los anacoretas o como al mism\u00edsimo Ano o Jano<\/strong>.<\/p>\n<p style=\"text-align: center;\"><a href=\"http:\/\/www.elmundodegallasalva.es\/wp-content\/uploads\/2012\/06\/Imagen-196.jpg\"><img loading=\"lazy\" class=\"aligncenter size-medium wp-image-1477\" title=\"Imagen 196\" src=\"http:\/\/www.elmundodegallasalva.es\/wp-content\/uploads\/2012\/06\/Imagen-196-225x300.jpg\" alt=\"\" width=\"225\" height=\"300\" srcset=\"http:\/\/www.elmundodegallasalva.es\/wp-content\/uploads\/2012\/06\/Imagen-196-225x300.jpg 225w, http:\/\/www.elmundodegallasalva.es\/wp-content\/uploads\/2012\/06\/Imagen-196.jpg 480w\" sizes=\"(max-width: 225px) 100vw, 225px\" \/><\/a><\/p>\n<p style=\"text-align: center;\"><strong>La foto se corresponde con San Juan, otro patr\u00f3n de los anacoretas o anunakis, al que se representa como a un \u00e1guila que simboliza el signo de Escorpio. En realidad Juan es una variante de Jano y al igual que \u00e9l se le representa tambi\u00e9n a modo de cabeza cortada.<\/strong><\/p>\n<p style=\"text-align: center;\"><strong>Seguramente Ano no sea un nombre muy fino, pero es como se llama tambi\u00e9n al dios Jano que sin duda da pi\u00e9 a una de las figuras m\u00e1s carism\u00e1ticas de la cultura catalana que es el cag\u00f3n del pesebre o cagan\u00e9.<\/strong><\/p>\n<p style=\"text-align: center;\"><a href=\"http:\/\/www.elmundodegallasalva.es\/wp-content\/uploads\/2012\/06\/DSC02996.jpg\"><img loading=\"lazy\" class=\"aligncenter size-medium wp-image-1478\" title=\"DSC02996\" src=\"http:\/\/www.elmundodegallasalva.es\/wp-content\/uploads\/2012\/06\/DSC02996-300x225.jpg\" alt=\"\" width=\"300\" height=\"225\" srcset=\"http:\/\/www.elmundodegallasalva.es\/wp-content\/uploads\/2012\/06\/DSC02996-300x225.jpg 300w, http:\/\/www.elmundodegallasalva.es\/wp-content\/uploads\/2012\/06\/DSC02996.jpg 640w\" sizes=\"(max-width: 300px) 100vw, 300px\" \/><\/a><\/p>\n<p style=\"text-align: center;\"><strong>No es de extra\u00f1ar que en una de las necr\u00f3polis m\u00e1s importantes, como en el caso de Ripoll, aparezca en el claustro del monasterio un simp\u00e1tico personaje ense\u00f1ando el culete y es que la cosa tiene un trasfondo alquimista. De hecho se est\u00e1 simbolizando aqu\u00ed el proceso de trasmutaci\u00f3n de la materia.<\/strong><\/p>\n<p style=\"text-align: center;\"><strong>Ano es el Jano Bifronte Alfa y Omega, que es cabeza que todo lo devora y ano que trasmuta, es el tiempo que todo lo transforma y se identifica con Saturno.<\/strong><\/p>\n<p style=\"text-align: center;\"><strong>As\u00ed como el anacoretismo ha sido muy difundido en Egipto o en Siria, por el contrario en Espa\u00f1a ha permanecido bastante oculto, seguramente a causa de las escabechinas de los romanos. De hecho ha sido considerado un rito pagano, que como su nombre indica viene de Ano, pero que pervive en el pesebre dejando entrever que los del Ebre o Ebro o iberos dejamos huella en la historia, nunca mejor dicho.<\/strong><\/p>\n<p style=\"text-align: center;\"><strong>El bueno de San Ant\u00f3n pirulero, atendiendo a su juego,\u00a0 guarda celosamente las figuras del pesebre que son: la vaca, el burro, el buey , San Jos\u00e9,\u00a0 La Virgen y a Cristo Rey.<\/strong><\/p>\n<p style=\"text-align: center;\"><a href=\"http:\/\/www.elmundodegallasalva.es\/wp-content\/uploads\/2012\/06\/Imagen-050.jpg\"><img loading=\"lazy\" class=\"aligncenter size-medium wp-image-1479\" title=\"Imagen 050\" src=\"http:\/\/www.elmundodegallasalva.es\/wp-content\/uploads\/2012\/06\/Imagen-050-300x225.jpg\" alt=\"\" width=\"300\" height=\"225\" srcset=\"http:\/\/www.elmundodegallasalva.es\/wp-content\/uploads\/2012\/06\/Imagen-050-300x225.jpg 300w, http:\/\/www.elmundodegallasalva.es\/wp-content\/uploads\/2012\/06\/Imagen-050.jpg 640w\" sizes=\"(max-width: 300px) 100vw, 300px\" \/><\/a><\/p>\n<p style=\"text-align: center;\"><strong>Los caballitos alados\u00a0 emulan a Pegaso o Crisaor y suelen portar la cabeza de su padre Ano-Jano, el dios\u00a0 m\u00e1s pagano que tambi\u00e9n le llamaron Pan y que adorna monasterios en forma de panecillos. Ano-Jano fue tambi\u00e9n representado como una piedra y es el guardi\u00e1n de las puertas, que se ha identificado tambi\u00e9n con San Pedro.\u00a0 Es por ello que sus devotos picapedreros lo dejaron bi\u00e9n plasmado en una de las puertas o ventanas de Gerona que es la de San Pedro Galligans.<\/strong><\/p>\n<p style=\"text-align: center;\"><a href=\"http:\/\/www.elmundodegallasalva.es\/wp-content\/uploads\/2012\/06\/Imagen-048.jpg\"><img loading=\"lazy\" class=\"aligncenter size-medium wp-image-1466\" title=\"Imagen 048\" src=\"http:\/\/www.elmundodegallasalva.es\/wp-content\/uploads\/2012\/06\/Imagen-048-300x225.jpg\" alt=\"\" width=\"300\" height=\"225\" srcset=\"http:\/\/www.elmundodegallasalva.es\/wp-content\/uploads\/2012\/06\/Imagen-048-300x225.jpg 300w, http:\/\/www.elmundodegallasalva.es\/wp-content\/uploads\/2012\/06\/Imagen-048.jpg 640w\" sizes=\"(max-width: 300px) 100vw, 300px\" \/><\/a><\/p>\n<p style=\"text-align: center;\"><strong>Los caballitos portando la cabeza de Jano en la puerta de San Pedro Galligans,\u00a0 puerta que de alguna manera conecta con el inframundo o reino de los muertos y que como no podr\u00eda ser de otra manera es todo un s\u00edmbolo de la Tres Veces Inmortal ciudad de Gerona o Girona. Si al Oeste est\u00e1 esta puerta, justo al Este est\u00e1n los campos dorados y el Cielo de Ra, que se identifican con Campdur\u00e1 y Celr\u00e1 que son las poblaciones que hay al Este<\/strong>.<\/p>\n","protected":false},"excerpt":{"rendered":"<p>Con el estilo que me caracteriza,\u00a0 que ya se que es superable, esta es una foto de San Antonio. Se&hellip;<\/p>\n","protected":false},"author":1,"featured_media":0,"parent":2,"menu_order":0,"comment_status":"open","ping_status":"open","template":"","meta":{"_monsterinsights_skip_tracking":false,"_monsterinsights_sitenote_active":false,"_monsterinsights_sitenote_note":"","_monsterinsights_sitenote_category":0},"_links":{"self":[{"href":"http:\/\/www.elmundodegallasalva.es\/index.php?rest_route=\/wp\/v2\/pages\/1475"}],"collection":[{"href":"http:\/\/www.elmundodegallasalva.es\/index.php?rest_route=\/wp\/v2\/pages"}],"about":[{"href":"http:\/\/www.elmundodegallasalva.es\/index.php?rest_route=\/wp\/v2\/types\/page"}],"author":[{"embeddable":true,"href":"http:\/\/www.elmundodegallasalva.es\/index.php?rest_route=\/wp\/v2\/users\/1"}],"replies":[{"embeddable":true,"href":"http:\/\/www.elmundodegallasalva.es\/index.php?rest_route=%2Fwp%2Fv2%2Fcomments&post=1475"}],"version-history":[{"count":0,"href":"http:\/\/www.elmundodegallasalva.es\/index.php?rest_route=\/wp\/v2\/pages\/1475\/revisions"}],"up":[{"embeddable":true,"href":"http:\/\/www.elmundodegallasalva.es\/index.php?rest_route=\/wp\/v2\/pages\/2"}],"wp:attachment":[{"href":"http:\/\/www.elmundodegallasalva.es\/index.php?rest_route=%2Fwp%2Fv2%2Fmedia&parent=1475"}],"curies":[{"name":"wp","href":"https:\/\/api.w.org\/{rel}","templated":true}]}}

<p style="text-align: center;"><a href="http://www.elmundodegallasalva.es/wp-content/uploads/2012/06/Imagen-224.jpg"><img loading="lazy" class="aligncenter size-medium wp-image-1476" title="Imagen 224" src="http://www.elmundodegallasalva.es/wp-content/uploads/2012/06/Imagen-224-225x300.jpg" alt="" width="225" height="300" srcset="http://www.elmundodegallasalva.es/wp-content/uploads/2012/06/Imagen-224-225x300.jpg 225w, http://www.elmundodegallasalva.es/wp-content/uploads/2012/06/Imagen-224.jpg 480w" sizes="(max-width: 225px) 100vw, 225px" /></a></p>
<p style="text-align: center;"><strong>Con el estilo que me caracteriza,  que ya se que es superable, esta es una foto de San Antonio. Se conoce a este santo como muy milagrero para encontrar novio o como protector de los animales, sin embargo antiguamente era venerado como el patrón de los anacoretas o como al mismísimo Ano o Jano</strong>.</p>
<p style="text-align: center;"><a href="http://www.elmundodegallasalva.es/wp-content/uploads/2012/06/Imagen-196.jpg"><img loading="lazy" class="aligncenter size-medium wp-image-1477" title="Imagen 196" src="http://www.elmundodegallasalva.es/wp-content/uploads/2012/06/Imagen-196-225x300.jpg" alt="" width="225" height="300" srcset="http://www.elmundodegallasalva.es/wp-content/uploads/2012/06/Imagen-196-225x300.jpg 225w, http://www.elmundodegallasalva.es/wp-content/uploads/2012/06/Imagen-196.jpg 480w" sizes="(max-width: 225px) 100vw, 225px" /></a></p>
<p style="text-align: center;"><strong>La foto se corresponde con San Juan, otro patrón de los anacoretas o anunakis, al que se representa como a un águila que simboliza el signo de Escorpio. En realidad Juan es una variante de Jano y al igual que él se le representa también a modo de cabeza cortada.</strong></p>
<p style="text-align: center;"><strong>Seguramente Ano no sea un nombre muy fino, pero es como se llama también al dios Jano que sin duda da pié a una de las figuras más carismáticas de la cultura catalana que es el cagón del pesebre o cagané.</strong></p>
<p style="text-align: center;"><a href="http://www.elmundodegallasalva.es/wp-content/uploads/2012/06/DSC02996.jpg"><img loading="lazy" class="aligncenter size-medium wp-image-1478" title="DSC02996" src="http://www.elmundodegallasalva.es/wp-content/uploads/2012/06/DSC02996-300x225.jpg" alt="" width="300" height="225" srcset="http://www.elmundodegallasalva.es/wp-content/uploads/2012/06/DSC02996-300x225.jpg 300w, http://www.elmundodegallasalva.es/wp-content/uploads/2012/06/DSC02996.jpg 640w" sizes="(max-width: 300px) 100vw, 300px" /></a></p>
<p style="text-align: center;"><strong>No es de extrañar que en una de las necrópolis más importantes, como en el caso de Ripoll, aparezca en el claustro del monasterio un simpático personaje enseñando el culete y es que la cosa tiene un trasfondo alquimista. De hecho se está simbolizando aquí el proceso de trasmutación de la materia.</strong></p>
<p style="text-align: center;"><strong>Ano es el Jano Bifronte Alfa y Omega, que es cabeza que todo lo devora y ano que trasmuta, es el tiempo que todo lo transforma y se identifica con Saturno.</strong></p>
<p style="text-align: center;"><strong>Así como el anacoretismo ha sido muy difundido en Egipto o en Siria, por el contrario en España ha permanecido bastante oculto, seguramente a causa de las escabechinas de los romanos. De hecho ha sido considerado un rito pagano, que como su nombre indica viene de Ano, pero que pervive en el pesebre dejando entrever que los del Ebre o Ebro o iberos dejamos huella en la historia, nunca mejor dicho.</strong></p>
<p style="text-align: center;"><strong>El bueno de San Antón pirulero, atendiendo a su juego,  guarda celosamente las figuras del pesebre que son: la vaca, el burro, el buey , San José,  La Virgen y a Cristo Rey.</strong></p>
<p style="text-align: center;"><a href="http://www.elmundodegallasalva.es/wp-content/uploads/2012/06/Imagen-050.jpg"><img loading="lazy" class="aligncenter size-medium wp-image-1479" title="Imagen 050" src="http://www.elmundodegallasalva.es/wp-content/uploads/2012/06/Imagen-050-300x225.jpg" alt="" width="300" height="225" srcset="http://www.elmundodegallasalva.es/wp-content/uploads/2012/06/Imagen-050-300x225.jpg 300w, http://www.elmundodegallasalva.es/wp-content/uploads/2012/06/Imagen-050.jpg 640w" sizes="(max-width: 300px) 100vw, 300px" /></a></p>
<p style="text-align: center;"><strong>Los caballitos alados  emulan a Pegaso o Crisaor y suelen portar la cabeza de su padre Ano-Jano, el dios  más pagano que también le llamaron Pan y que adorna monasterios en forma de panecillos. Ano-Jano fue también representado como una piedra y es el guardián de las puertas, que se ha identificado también con San Pedro.  Es por ello que sus devotos picapedreros lo dejaron bién plasmado en una de las puertas o ventanas de Gerona que es la de San Pedro Galligans.</strong></p>
<p style="text-align: center;"><a href="http://www.elmundodegallasalva.es/wp-content/uploads/2012/06/Imagen-048.jpg"><img loading="lazy" class="aligncenter size-medium wp-image-1466" title="Imagen 048" src="http://www.elmundodegallasalva.es/wp-content/uploads/2012/06/Imagen-048-300x225.jpg" alt="" width="300" height="225" srcset="http://www.elmundodegallasalva.es/wp-content/uploads/2012/06/Imagen-048-300x225.jpg 300w, http://www.elmundodegallasalva.es/wp-content/uploads/2012/06/Imagen-048.jpg 640w" sizes="(max-width: 300px) 100vw, 300px" /></a></p>
<p style="text-align: center;"><strong>Los caballitos portando la cabeza de Jano en la puerta de San Pedro Galligans,  puerta que de alguna manera conecta con el inframundo o reino de los muertos y que como no podría ser de otra manera es todo un símbolo de la Tres Veces Inmortal ciudad de Gerona o Girona. Si al Oeste está esta puerta, justo al Este están los campos dorados y el Cielo de Ra, que se identifican con Campdurá y Celrá que son las poblaciones que hay al Este</strong>.</p>
