{"id":2007,"date":"2013-07-14T19:03:29","date_gmt":"2013-07-14T19:03:29","guid":{"rendered":"http:\/\/www.elmundodegallasalva.es\/?page_id=2007"},"modified":"2017-06-21T13:07:48","modified_gmt":"2017-06-21T13:07:48","slug":"la-historia-inventada-de-cataluna","status":"publish","type":"page","link":"http:\/\/www.elmundodegallasalva.es\/?page_id=2007","title":{"rendered":"La historia inventada de Catalu\u00f1a"},"content":{"rendered":"<p style=\"text-align: center;\"><a href=\"http:\/\/www.elmundodegallasalva.es\/wp-content\/uploads\/2013\/03\/Philippe_de_France_proclam\u00e9_roi_dEspagne.jpg\"><img loading=\"lazy\" class=\"aligncenter\" src=\"http:\/\/www.elmundodegallasalva.es\/wp-content\/uploads\/2013\/03\/Philippe_de_France_proclam\u00e9_roi_dEspagne.jpg\" alt=\"Philippe_de_France_proclam\u00e9_roi_d'Espagne\" width=\"528\" height=\"368\" \/><\/a><\/p>\n<p>&nbsp;<\/p>\n<p>A la muerte del rey de Espa\u00f1a Carlos II el Hechizado sin herederos y seg\u00fan su supuesto testamento, se nombr\u00f3 sucesor a Felipe V. El problema es que el asunto nunca estuvo muy claro y el que redactara el testamento apareci\u00f3 asesinado y de los testigos no se supo de ellos. Adem\u00e1s ya Luis XIV y la realeza europea hab\u00edan acordado que el sucesor al trono de Espa\u00f1a ser\u00eda Jos\u00e9 Fernando de Babiera, que falleci\u00f3 en 1699 y seg\u00fan pensaban el sucesor hab\u00eda de ser el archiduque Carlos de Austria o Carlos III \u00a0de Espa\u00f1a, que era como le llamaban.\u00a0Era sabido por la corte espa\u00f1ola, que no deseaba el rey Carlos a un heredero Borb\u00f3n \u00a0en ning\u00fan caso y no se creyeron \u00a0su extra\u00f1o testamento, sospechando que hab\u00eda sido falsificado.<\/p>\n<p>El 16 de noviembre de 1700 y en el palacio de Versalles (Francia) , se proclam\u00f3 a Felipe V \u00a0como rey de Espa\u00f1a. Los catalanes, que por siglos hab\u00edan luchado contra las invasiones de Francia, flipaban. Tanta sangre derramada en la Catalu\u00f1a norte, suicidios colectivos de los c\u00e1taros, problemas con las cruzadas, \u00a0para nada y tampoco se creyeron del supuesto testamento de Carlos II ni una sola palabra.<\/p>\n<p>En el a\u00f1o 1702, al principio de reinado de Felipe V, \u00a0se juraron las constituciones catalanas, pero un desembarco fracasado en Barcelona de los aliados del Archiduque Carlos, hizo que el virrey Francisco de Velasco las conculcara. \u00a0En Octubre del mismo a\u00f1o el Archiduque Carlos tomaba Barcelona y empez\u00f3 entonces la guerra de sucesi\u00f3n que dur\u00f3 varios a\u00f1os y en la que muchos fueron los combatientes que se unieron al Archiduque Carlos . \u00a0Al principio Inglaterra apoyaba al archiduque, <strong>pero cambi\u00f3 de idea y se pas\u00f3 al bando Borb\u00f3n a Cambio de Gibraltar<\/strong>. La cosa lleg\u00f3 a su momento cumbre el d\u00eda 11 de Septiembre de 1714.<\/p>\n<p>En\u00a0octubre\u00a0de\u00a01934 las izquierdas catalanistas y la rep\u00fablica se vieron seriamente amenazadas y en 1936 los publicistas republicanos empezaron las campa\u00f1as nacionalistas que vieron en el 11 de Septiembre su fil\u00f3n particular y ya en 1937\u00a0 Rovira di\u00f3 una\u00a0 particular interpretaci\u00f3n\u00a0hist\u00f3rica\u00a0del\u00a0\u00abOnze\u00a0de \u00a0Setembre\u00bb que pas\u00f3 a ser un s\u00edmbolo nacionalista.<\/p>\n<p><span style=\"color: #800000;\">\u00bb No\u00a0\u00e9s\u00a0el\u00a0lleialisme vers Carle\u00a0d&#8217; Austria all\u00f2 \u00a0que va\u00a0dur a l&#8217;alt\u00a0heroisme i a\u00a0I&#8217;exemplar sacrifici el\u00a0catalans\u00a0de\u00a01714.\u00a0La\u00a0significaci\u00f3 \u00a0vera i\u00a0profunda\u00a0d&#8217;aquell\u00a0momen\u00a0\u00e9s\u00a0la\u00a0d&#8217;uns\u00a0homes que\u00a0donen el\u00a0maxim\u00a0valor a la doble\u00a0llibertat individual\u00a0i\u00a0col.lectiva. En cada segle, en cada dinastia, en cada epoca, Catalunya s&#8217;ha al\u00e7at contra els poders absoluts, opressors, reaccionaris o totalitaris. I \u00e9s que ella\u00a0ha estat, \u00e9s i\u00a0ser\u00e0 democr\u00e0tica, igualitaria, progressiva\u00a0i liberal. Podem dir que Catalunya ha rebutjat sempre el feixisme sota les formes que aquest ha revestit hist\u00f2ricament. Joan II, Felip IV, Felip V representaven en el fons, allo mateix\u00a0que avui representa Franco\u00bb<\/span><\/p>\n<div dir=\"ltr\" data-font-name=\"Times\" data-canvas-width=\"59.05598867797852\">\n<address><span style=\"color: #000000;\">\u00abNo es la lealtad hace Carlos de Austria aquello que llev\u00f3 al hero\u00edsmo y al ejemplar sacrificio a los catalanes de 1714. La significaci\u00f3n verdadera y profunda de aquel momento es la de unos hombres que dan el m\u00e1ximo valor a la libertad individual y colectiva. En cada siglo, en cada dinast\u00eda, en cada \u00e9poca, Catalu\u00f1a se ha alzado contra los poderes absolutos, opresores, reaccionarios y totalitarios. Y es que ella ha estado, es y ser\u00e1 democr\u00e1tica, igualitaria, progresiva y liberal. Podemos decir que Catalu\u00f1a ha rechazado siempre el fascismo bajo las formas que este ha revestido hist\u00f3ricamente. Juan II, Felipe IV, Felipe V representaban en el fondo aquello que representa hoy Franco\u00bb<\/span><\/address>\n<p>Vemos pues en las palabras de Rovira i Virgili como se va modelando la historia y adaptando a los intereses izquierdistas y republicanos, como se fue gestando una historia paralela a real y se fue publicitando en la idea de que a base de repetir la nueva versi\u00f3n se acabara convirtiendo en realidad, una \u00abrealidad\u00bb\u00a0 paralela\u00a0 que empezar\u00edan a creer muchos catalanes y que se convirti\u00f3 en el reclamo pol\u00edtico de las izquierdas, que aunque no es real a los pol\u00edticos les dio igual o\u00a0 terminaron\u00a0 por creerla y que con ella lucharon contra Franco en la Guerra Civil y perdieron,\u00a0 pero les sirvi\u00f3 para ir de m\u00e1rtires hasta nuestros d\u00edas y que les sirve para sus intereses secesionistas actuales.<\/p>\n<p>&nbsp;<\/p>\n<\/div>\n","protected":false},"excerpt":{"rendered":"<p>&nbsp; A la muerte del rey de Espa\u00f1a Carlos II el Hechizado sin herederos y seg\u00fan su supuesto testamento, se&hellip;<\/p>\n","protected":false},"author":1,"featured_media":0,"parent":2,"menu_order":0,"comment_status":"open","ping_status":"open","template":"template-fullwidth.php","meta":{"_monsterinsights_skip_tracking":false,"_monsterinsights_sitenote_active":false,"_monsterinsights_sitenote_note":"","_monsterinsights_sitenote_category":0},"_links":{"self":[{"href":"http:\/\/www.elmundodegallasalva.es\/index.php?rest_route=\/wp\/v2\/pages\/2007"}],"collection":[{"href":"http:\/\/www.elmundodegallasalva.es\/index.php?rest_route=\/wp\/v2\/pages"}],"about":[{"href":"http:\/\/www.elmundodegallasalva.es\/index.php?rest_route=\/wp\/v2\/types\/page"}],"author":[{"embeddable":true,"href":"http:\/\/www.elmundodegallasalva.es\/index.php?rest_route=\/wp\/v2\/users\/1"}],"replies":[{"embeddable":true,"href":"http:\/\/www.elmundodegallasalva.es\/index.php?rest_route=%2Fwp%2Fv2%2Fcomments&post=2007"}],"version-history":[{"count":0,"href":"http:\/\/www.elmundodegallasalva.es\/index.php?rest_route=\/wp\/v2\/pages\/2007\/revisions"}],"up":[{"embeddable":true,"href":"http:\/\/www.elmundodegallasalva.es\/index.php?rest_route=\/wp\/v2\/pages\/2"}],"wp:attachment":[{"href":"http:\/\/www.elmundodegallasalva.es\/index.php?rest_route=%2Fwp%2Fv2%2Fmedia&parent=2007"}],"curies":[{"name":"wp","href":"https:\/\/api.w.org\/{rel}","templated":true}]}}