{"id":3076,"date":"2018-09-22T17:14:45","date_gmt":"2018-09-22T17:14:45","guid":{"rendered":"http:\/\/www.elmundodegallasalva.es\/?page_id=3076"},"modified":"2021-11-27T23:43:00","modified_gmt":"2021-11-27T23:43:00","slug":"sepharard-babel-nimrod-y-catalonia","status":"publish","type":"page","link":"http:\/\/www.elmundodegallasalva.es\/?page_id=3076","title":{"rendered":"Sepharard, Babel, Nimrod y Catalonia"},"content":{"rendered":"<figure id=\"attachment_3079\" aria-describedby=\"caption-attachment-3079\" style=\"width: 169px\" class=\"wp-caption alignleft\"><a href=\"http:\/\/www.elmundodegallasalva.es\/wp-content\/uploads\/2018\/09\/42342018_1416174661848006_3420091395631742976_n.jpg\"><img loading=\"lazy\" class=\"size-medium wp-image-3079\" src=\"http:\/\/www.elmundodegallasalva.es\/wp-content\/uploads\/2018\/09\/42342018_1416174661848006_3420091395631742976_n-169x300.jpg\" alt=\"Capitel del claustro de Ripoll\" width=\"169\" height=\"300\" srcset=\"http:\/\/www.elmundodegallasalva.es\/wp-content\/uploads\/2018\/09\/42342018_1416174661848006_3420091395631742976_n-169x300.jpg 169w, http:\/\/www.elmundodegallasalva.es\/wp-content\/uploads\/2018\/09\/42342018_1416174661848006_3420091395631742976_n.jpg 540w\" sizes=\"(max-width: 169px) 100vw, 169px\" \/><\/a><figcaption id=\"caption-attachment-3079\" class=\"wp-caption-text\">Capitel del claustro de Ripoll<\/figcaption><\/figure>\n<p><em>\u00abSi la profec\u00eda se hubiera de entender de los Hebr\u00e9os y Jud\u00edos que en diversos tiempos vinieron \u00e1 Espa\u00f1a, que despues volviesen \u00e1 Jerusal\u00e9n, y \u00e1 ser se\u00f1ores de ella; yo esta profec\u00eda no la sabr\u00eda hallar cumplida,\u00a0 \u00e1ntes bien encuentro \u00e1 los Hebreos que vinieron a Espa\u00f1a, siempre mas acongojados y atrabajados, sin nunca alzar cabeza, ni tener aun el nombre de Libertad. Y as\u00ed el lugar de Abd\u00edas no se puede entender de Espa\u00f1a, sino de Babilonia&#8230;.\u00bb (Cr\u00f3nica universal del principado de Catalu\u00f1a, Jer\u00f3nimo Pujades 1609)<\/em><\/p>\n<p>Vemos en diferentes cap\u00edtulos de la \u00abCr\u00f3nica universal\u00bb que no se aclaran muchos los diversos autores antiguos y disienten sobre los or\u00edgenes de Espa\u00f1a y sus reyes m\u00edticos. Unos dicen que T\u00fabal fund\u00f3 en Tarragona una caba\u00f1a y otros comprueban que fue Tarraco el que fund\u00f3 Tarragona, que es el Tharaca b\u00edblico que derrot\u00f3 al rey Senacherib de Babilonia.<\/p>\n<p>Historiadores como Zurita nos hablan en sus Anales de los reyes encantados de Ripoll, entre los cuales figura Arnau el r\u00e9probo, que es muy anterior al legendario Conde Arnau y que entendemos que se refiere a un Rey Argonauta que abus\u00f3 de cierta Monja, llamada tambi\u00e9n Porquerola (sacerdotisa en catal\u00e1n), que hab\u00eda en Ripoll y que es llamada Sara Ula y es la Ceres de los Ceretanos tambi\u00e9n. La vemos en un Capitel<\/p>\n<p>La cuesti\u00f3n es que Babilonia rima con Catalonia y se confunde la una con la otra dejando entrever la existencia de una Babilonia ancestral a la que podemos relacionar con ciertas \u00abRuinas de Babi\u00bb, habida cuenta que : \u00ablonia\u00bb es una terminaci\u00f3n en aram\u00e9o que significa ciudad. Vemos a continuaci\u00f3n lo que nos dice la Cr\u00f3nica universal.<\/p>\n<p><em>\u00ab..El idioma que trajo Tubal y sus compa\u00f1eros, y si se qued\u00f3 \u00f3 no en Espa\u00f1a, no es hasta ahora cosa averiguada, \u00e1ntes bien muy dudosa, y casi tan confusa como la misma confusi\u00f3n de lenguas de la soberbia Torre de Babel; por lo que solo apuntar\u00e9 que lo que se tiene por menos dudoso es que hablar\u00edan Tubal y sus gentes el idioma aram\u00e9o y que fue el primer idioma que se us\u00f3 en Espa\u00f1a&#8230;.\u00bb<\/em><\/p>\n<figure id=\"attachment_3077\" aria-describedby=\"caption-attachment-3077\" style=\"width: 169px\" class=\"wp-caption alignright\"><a href=\"http:\/\/www.elmundodegallasalva.es\/wp-content\/uploads\/2018\/09\/42209387_1414871578644981_8551701063713947648_n-1.jpg\"><img loading=\"lazy\" class=\"wp-image-3077 size-medium\" src=\"http:\/\/www.elmundodegallasalva.es\/wp-content\/uploads\/2018\/09\/42209387_1414871578644981_8551701063713947648_n-1-169x300.jpg\" alt=\"Capitel del monasterio de Ripoll\" width=\"169\" height=\"300\" srcset=\"http:\/\/www.elmundodegallasalva.es\/wp-content\/uploads\/2018\/09\/42209387_1414871578644981_8551701063713947648_n-1-169x300.jpg 169w, http:\/\/www.elmundodegallasalva.es\/wp-content\/uploads\/2018\/09\/42209387_1414871578644981_8551701063713947648_n-1.jpg 540w\" sizes=\"(max-width: 169px) 100vw, 169px\" \/><\/a><figcaption id=\"caption-attachment-3077\" class=\"wp-caption-text\"><em>Capitel del monasterio de Ripoll <br \/><\/em><\/figcaption><\/figure>\n<p>Traducimos del aram\u00e9o y vemos que pone: NYNYTB MANZN JZARAS,\u00a0 que recuerda a los reyes celtas que se iban a morir al Pomar, debajo de un manzano y parece que nos habla de Ninive , que se supone que era una ciudad que construyo Nimrod, al que los comentaristas de la Biblia Vulgata llaman tambi\u00e9n Belo. Nos dicen tambien que Nimrod es una palabra compuesta, como un apodo y que cerca de Ninive estaba la Torre de Babel, cerca de Babilonia tambi\u00e9n.<\/p>\n<div id=\"comment_js_9p5\" class=\"UFIRow UFIComment _4oep\" data-ft=\"{&quot;tn&quot;:&quot;R8&quot;}\">\n<div class=\"_3b-9\">\n<div>\n<div class=\"clearfix\">\n<div class=\"\">\n<div class=\"UFIImageBlockContent _42ef\">\n<div class=\"\">\n<div class=\"UFICommentContentBlock\">\n<div class=\"UFICommentActorAndBodySpacing\">\n<div class=\"_26f8\">\n<div class=\"_10la _10lg\">\n<div class=\"UFICommentActorAndBodySpacing\">\n<p>\u00a0Es Narciso Feliu que no dice lo siguiente:<em>Vencido Senacherib rey de Babilonia por Tarraco, \u00e0 quien la divina Escritura reg. 4. cap. 19. \u00e8 Isa\u00edas cap. 37. llama Tharaca, pass\u00f2 \u00e0 Espa\u00f1a este Rey con los Egipcios: Lleg\u00f2 \u00e0 Catalu\u00f1a que estava prevenida, y en Arma desde el Ebro hasta los Pirineos con su Capitan Theron, y sus Amigos: Hicieron frente al enemigo, vencieronle en varios rencuentros, y escaramu\u00e7as, y en algunas Batallas con grande perdida de los Enemigos; poco da\u00f1o, pero grande gloria nuestra: No obstante el poder de la Armada Maritima de los Egipcios, armaron los nuestros algunos Vasos para impedirles los hurtos, y aunque pocos no fueron<\/em><\/p>\n<figure id=\"attachment_3080\" aria-describedby=\"caption-attachment-3080\" style=\"width: 169px\" class=\"wp-caption alignleft\"><a href=\"http:\/\/www.elmundodegallasalva.es\/wp-content\/uploads\/2018\/09\/42301751_1414871425311663_479307672944902144_n-1.jpg\"><img loading=\"lazy\" class=\"size-medium wp-image-3080\" src=\"http:\/\/www.elmundodegallasalva.es\/wp-content\/uploads\/2018\/09\/42301751_1414871425311663_479307672944902144_n-1-169x300.jpg\" alt=\"claustro de Ripoll\" width=\"169\" height=\"300\" srcset=\"http:\/\/www.elmundodegallasalva.es\/wp-content\/uploads\/2018\/09\/42301751_1414871425311663_479307672944902144_n-1-169x300.jpg 169w, http:\/\/www.elmundodegallasalva.es\/wp-content\/uploads\/2018\/09\/42301751_1414871425311663_479307672944902144_n-1.jpg 540w\" sizes=\"(max-width: 169px) 100vw, 169px\" \/><\/a><figcaption id=\"caption-attachment-3080\" class=\"wp-caption-text\">claustro de Ripoll<\/figcaption><\/figure>\n<p><em>vencidos, \u00e8 impidieron al enemigo los progressos; y para mas estrecharle, mand\u00f3 Theron que los Bastimentos se retirassen \u00e0 los Montes, con soldados de resguardo, y las familias: Valiole el ardid, y mas el valor, pues aviendo desecho, y muy disminuido al Enemigo, le oblig\u00f2 \u00e0 dexar la Tierra, y retirarse \u00e0 la Marina fortificandose en Tarragona, que se dize le di\u00f2 su nombre, y la bolvi\u00f2 \u00e0 redificar, porque se hallava destru\u00ecda por la seca, y no poblada: Detuvose en ella, perdidos dos tercios de su Exercito, y qued\u00f2 acovardado el otro.<\/em><\/p>\n<p><em>Baxaron de los Montes los Celtas, \u00f2 Catalanes que con las familias se avian retirado, Bolvieron a sus Pueblos, fundaron otros con los que victoriosos siguieron \u00e0 Theron. Viendo Tarraco perd\u00ecda su Armada, y destru\u00ecdo su Exercito, con algunos pocos Vasos que le avian quedado, y otros que vinieron para defenderle, bolvi\u00f2 a su Tierra triste, y vencido. Muri\u00f2 Theron en vna Batalla delante de Cadiz; duraron estas Guerras 35. a\u00f1os, la partida de Tarraco fue antes de Cristo 764. ( Anales de Catalu\u00f1a se\u00a0 Narciso Feliu de la Pe\u00f1a i Farell, a\u00f1o 1709)<\/em><\/p>\n<figure id=\"attachment_3081\" aria-describedby=\"caption-attachment-3081\" style=\"width: 169px\" class=\"wp-caption alignright\"><a href=\"http:\/\/www.elmundodegallasalva.es\/wp-content\/uploads\/2018\/09\/42266488_1416175241847948_4685904771289186304_n.jpg\"><img loading=\"lazy\" class=\"size-medium wp-image-3081\" src=\"http:\/\/www.elmundodegallasalva.es\/wp-content\/uploads\/2018\/09\/42266488_1416175241847948_4685904771289186304_n-169x300.jpg\" alt=\"Capitel de los mandarines chinos\" width=\"169\" height=\"300\" srcset=\"http:\/\/www.elmundodegallasalva.es\/wp-content\/uploads\/2018\/09\/42266488_1416175241847948_4685904771289186304_n-169x300.jpg 169w, http:\/\/www.elmundodegallasalva.es\/wp-content\/uploads\/2018\/09\/42266488_1416175241847948_4685904771289186304_n.jpg 540w\" sizes=\"(max-width: 169px) 100vw, 169px\" \/><\/a><figcaption id=\"caption-attachment-3081\" class=\"wp-caption-text\">Capitel de los mandarines chinos<\/figcaption><\/figure>\n<p>Vemos a las mandr\u00e1goras salir por la boca del rostro de una mujer, que nos marcan el linaje real y nos recuerdan que Ripoll era una necr\u00f3polis real y hasta los mandarines chinos ven\u00edan antiguamente a hacer ofrendas y a comprar espadas de virtud y ofrec\u00edan capiteles a la Reina del Cielo o Madona. Los vemos en el monasterio de Ripoll, rodeados de bellotas , que aluden a las encinas y recuerdan al \u00abEncinar de Hebr\u00f3n\u00bb, en donde se supone fue enterrada Sara, la hija de T\u00fabal y hermana-esposa de Abraham. Casualmente la reina que se venera en Ripoll es la Sara Ula tambi\u00e9n, a la que los griegos llamaron Pirene y es la Ceres de los Ceretanos de la Cerda\u00f1a tambi\u00e9n.<\/p>\n<p>M\u00e1s informaci\u00f3n en :<\/p>\n<h1 class=\"title\"><a title=\"La Biblia de Catalonia, Jerusal\u00e9n y Babilonia\" href=\"http:\/\/www.elmundodegallasalva.es\/?page_id=2943\" rel=\"bookmark\">La Biblia de Catalonia, Jerusal\u00e9n y Babilonia<\/a><\/h1>\n<p><span data-ft=\"{&quot;tn&quot;:&quot;K&quot;}\"><span class=\"UFICommentBody\">\u00a0<\/span><\/span><\/p>\n<\/div>\n<\/div>\n<\/div>\n<\/div>\n<\/div>\n<\/div>\n<\/div>\n<\/div>\n<\/div>\n<\/div>\n<\/div>\n<\/div>\n","protected":false},"excerpt":{"rendered":"<p>\u00abSi la profec\u00eda se hubiera de entender de los Hebr\u00e9os y Jud\u00edos que en diversos tiempos vinieron \u00e1 Espa\u00f1a, que&hellip;<\/p>\n","protected":false},"author":1,"featured_media":0,"parent":2985,"menu_order":0,"comment_status":"closed","ping_status":"closed","template":"","meta":{"_monsterinsights_skip_tracking":false,"_monsterinsights_sitenote_active":false,"_monsterinsights_sitenote_note":"","_monsterinsights_sitenote_category":0},"_links":{"self":[{"href":"http:\/\/www.elmundodegallasalva.es\/index.php?rest_route=\/wp\/v2\/pages\/3076"}],"collection":[{"href":"http:\/\/www.elmundodegallasalva.es\/index.php?rest_route=\/wp\/v2\/pages"}],"about":[{"href":"http:\/\/www.elmundodegallasalva.es\/index.php?rest_route=\/wp\/v2\/types\/page"}],"author":[{"embeddable":true,"href":"http:\/\/www.elmundodegallasalva.es\/index.php?rest_route=\/wp\/v2\/users\/1"}],"replies":[{"embeddable":true,"href":"http:\/\/www.elmundodegallasalva.es\/index.php?rest_route=%2Fwp%2Fv2%2Fcomments&post=3076"}],"version-history":[{"count":1,"href":"http:\/\/www.elmundodegallasalva.es\/index.php?rest_route=\/wp\/v2\/pages\/3076\/revisions"}],"predecessor-version":[{"id":3162,"href":"http:\/\/www.elmundodegallasalva.es\/index.php?rest_route=\/wp\/v2\/pages\/3076\/revisions\/3162"}],"up":[{"embeddable":true,"href":"http:\/\/www.elmundodegallasalva.es\/index.php?rest_route=\/wp\/v2\/pages\/2985"}],"wp:attachment":[{"href":"http:\/\/www.elmundodegallasalva.es\/index.php?rest_route=%2Fwp%2Fv2%2Fmedia&parent=3076"}],"curies":[{"name":"wp","href":"https:\/\/api.w.org\/{rel}","templated":true}]}}

<figure id="attachment_3079" aria-describedby="caption-attachment-3079" style="width: 169px" class="wp-caption alignleft"><a href="http://www.elmundodegallasalva.es/wp-content/uploads/2018/09/42342018_1416174661848006_3420091395631742976_n.jpg"><img loading="lazy" class="size-medium wp-image-3079" src="http://www.elmundodegallasalva.es/wp-content/uploads/2018/09/42342018_1416174661848006_3420091395631742976_n-169x300.jpg" alt="Capitel del claustro de Ripoll" width="169" height="300" srcset="http://www.elmundodegallasalva.es/wp-content/uploads/2018/09/42342018_1416174661848006_3420091395631742976_n-169x300.jpg 169w, http://www.elmundodegallasalva.es/wp-content/uploads/2018/09/42342018_1416174661848006_3420091395631742976_n.jpg 540w" sizes="(max-width: 169px) 100vw, 169px" /></a><figcaption id="caption-attachment-3079" class="wp-caption-text">Capitel del claustro de Ripoll</figcaption></figure>
<p><em>«Si la profecía se hubiera de entender de los Hebréos y Judíos que en diversos tiempos vinieron á España, que despues volviesen á Jerusalén, y á ser señores de ella; yo esta profecía no la sabría hallar cumplida,  ántes bien encuentro á los Hebreos que vinieron a España, siempre mas acongojados y atrabajados, sin nunca alzar cabeza, ni tener aun el nombre de Libertad. Y así el lugar de Abdías no se puede entender de España, sino de Babilonia&#8230;.» (Crónica universal del principado de Cataluña, Jerónimo Pujades 1609)</em></p>
<p>Vemos en diferentes capítulos de la «Crónica universal» que no se aclaran muchos los diversos autores antiguos y disienten sobre los orígenes de España y sus reyes míticos. Unos dicen que Túbal fundó en Tarragona una cabaña y otros comprueban que fue Tarraco el que fundó Tarragona, que es el Tharaca bíblico que derrotó al rey Senacherib de Babilonia.</p>
<p>Historiadores como Zurita nos hablan en sus Anales de los reyes encantados de Ripoll, entre los cuales figura Arnau el réprobo, que es muy anterior al legendario Conde Arnau y que entendemos que se refiere a un Rey Argonauta que abusó de cierta Monja, llamada también Porquerola (sacerdotisa en catalán), que había en Ripoll y que es llamada Sara Ula y es la Ceres de los Ceretanos también. La vemos en un Capitel</p>
<p>La cuestión es que Babilonia rima con Catalonia y se confunde la una con la otra dejando entrever la existencia de una Babilonia ancestral a la que podemos relacionar con ciertas «Ruinas de Babi», habida cuenta que : «lonia» es una terminación en araméo que significa ciudad. Vemos a continuación lo que nos dice la Crónica universal.</p>
<p><em>«..El idioma que trajo Tubal y sus compañeros, y si se quedó ó no en España, no es hasta ahora cosa averiguada, ántes bien muy dudosa, y casi tan confusa como la misma confusión de lenguas de la soberbia Torre de Babel; por lo que solo apuntaré que lo que se tiene por menos dudoso es que hablarían Tubal y sus gentes el idioma araméo y que fue el primer idioma que se usó en España&#8230;.»</em></p>
<figure id="attachment_3077" aria-describedby="caption-attachment-3077" style="width: 169px" class="wp-caption alignright"><a href="http://www.elmundodegallasalva.es/wp-content/uploads/2018/09/42209387_1414871578644981_8551701063713947648_n-1.jpg"><img loading="lazy" class="wp-image-3077 size-medium" src="http://www.elmundodegallasalva.es/wp-content/uploads/2018/09/42209387_1414871578644981_8551701063713947648_n-1-169x300.jpg" alt="Capitel del monasterio de Ripoll" width="169" height="300" srcset="http://www.elmundodegallasalva.es/wp-content/uploads/2018/09/42209387_1414871578644981_8551701063713947648_n-1-169x300.jpg 169w, http://www.elmundodegallasalva.es/wp-content/uploads/2018/09/42209387_1414871578644981_8551701063713947648_n-1.jpg 540w" sizes="(max-width: 169px) 100vw, 169px" /></a><figcaption id="caption-attachment-3077" class="wp-caption-text"><em>Capitel del monasterio de Ripoll <br /></em></figcaption></figure>
<p>Traducimos del araméo y vemos que pone: NYNYTB MANZN JZARAS,  que recuerda a los reyes celtas que se iban a morir al Pomar, debajo de un manzano y parece que nos habla de Ninive , que se supone que era una ciudad que construyo Nimrod, al que los comentaristas de la Biblia Vulgata llaman también Belo. Nos dicen tambien que Nimrod es una palabra compuesta, como un apodo y que cerca de Ninive estaba la Torre de Babel, cerca de Babilonia también.</p>
<div id="comment_js_9p5" class="UFIRow UFIComment _4oep" data-ft="{&quot;tn&quot;:&quot;R8&quot;}">
<div class="_3b-9">
<div>
<div class="clearfix">
<div class="">
<div class="UFIImageBlockContent _42ef">
<div class="">
<div class="UFICommentContentBlock">
<div class="UFICommentActorAndBodySpacing">
<div class="_26f8">
<div class="_10la _10lg">
<div class="UFICommentActorAndBodySpacing">
<p> Es Narciso Feliu que no dice lo siguiente:<em>Vencido Senacherib rey de Babilonia por Tarraco, à quien la divina Escritura reg. 4. cap. 19. è Isaías cap. 37. llama Tharaca, passò à España este Rey con los Egipcios: Llegò à Cataluña que estava prevenida, y en Arma desde el Ebro hasta los Pirineos con su Capitan Theron, y sus Amigos: Hicieron frente al enemigo, vencieronle en varios rencuentros, y escaramuças, y en algunas Batallas con grande perdida de los Enemigos; poco daño, pero grande gloria nuestra: No obstante el poder de la Armada Maritima de los Egipcios, armaron los nuestros algunos Vasos para impedirles los hurtos, y aunque pocos no fueron</em></p>
<figure id="attachment_3080" aria-describedby="caption-attachment-3080" style="width: 169px" class="wp-caption alignleft"><a href="http://www.elmundodegallasalva.es/wp-content/uploads/2018/09/42301751_1414871425311663_479307672944902144_n-1.jpg"><img loading="lazy" class="size-medium wp-image-3080" src="http://www.elmundodegallasalva.es/wp-content/uploads/2018/09/42301751_1414871425311663_479307672944902144_n-1-169x300.jpg" alt="claustro de Ripoll" width="169" height="300" srcset="http://www.elmundodegallasalva.es/wp-content/uploads/2018/09/42301751_1414871425311663_479307672944902144_n-1-169x300.jpg 169w, http://www.elmundodegallasalva.es/wp-content/uploads/2018/09/42301751_1414871425311663_479307672944902144_n-1.jpg 540w" sizes="(max-width: 169px) 100vw, 169px" /></a><figcaption id="caption-attachment-3080" class="wp-caption-text">claustro de Ripoll</figcaption></figure>
<p><em>vencidos, è impidieron al enemigo los progressos; y para mas estrecharle, mandó Theron que los Bastimentos se retirassen à los Montes, con soldados de resguardo, y las familias: Valiole el ardid, y mas el valor, pues aviendo desecho, y muy disminuido al Enemigo, le obligò à dexar la Tierra, y retirarse à la Marina fortificandose en Tarragona, que se dize le diò su nombre, y la bolviò à redificar, porque se hallava destruìda por la seca, y no poblada: Detuvose en ella, perdidos dos tercios de su Exercito, y quedò acovardado el otro.</em></p>
<p><em>Baxaron de los Montes los Celtas, ò Catalanes que con las familias se avian retirado, Bolvieron a sus Pueblos, fundaron otros con los que victoriosos siguieron à Theron. Viendo Tarraco perdìda su Armada, y destruìdo su Exercito, con algunos pocos Vasos que le avian quedado, y otros que vinieron para defenderle, bolviò a su Tierra triste, y vencido. Muriò Theron en vna Batalla delante de Cadiz; duraron estas Guerras 35. años, la partida de Tarraco fue antes de Cristo 764. ( Anales de Cataluña se  Narciso Feliu de la Peña i Farell, año 1709)</em></p>
<figure id="attachment_3081" aria-describedby="caption-attachment-3081" style="width: 169px" class="wp-caption alignright"><a href="http://www.elmundodegallasalva.es/wp-content/uploads/2018/09/42266488_1416175241847948_4685904771289186304_n.jpg"><img loading="lazy" class="size-medium wp-image-3081" src="http://www.elmundodegallasalva.es/wp-content/uploads/2018/09/42266488_1416175241847948_4685904771289186304_n-169x300.jpg" alt="Capitel de los mandarines chinos" width="169" height="300" srcset="http://www.elmundodegallasalva.es/wp-content/uploads/2018/09/42266488_1416175241847948_4685904771289186304_n-169x300.jpg 169w, http://www.elmundodegallasalva.es/wp-content/uploads/2018/09/42266488_1416175241847948_4685904771289186304_n.jpg 540w" sizes="(max-width: 169px) 100vw, 169px" /></a><figcaption id="caption-attachment-3081" class="wp-caption-text">Capitel de los mandarines chinos</figcaption></figure>
<p>Vemos a las mandrágoras salir por la boca del rostro de una mujer, que nos marcan el linaje real y nos recuerdan que Ripoll era una necrópolis real y hasta los mandarines chinos venían antiguamente a hacer ofrendas y a comprar espadas de virtud y ofrecían capiteles a la Reina del Cielo o Madona. Los vemos en el monasterio de Ripoll, rodeados de bellotas , que aluden a las encinas y recuerdan al «Encinar de Hebrón», en donde se supone fue enterrada Sara, la hija de Túbal y hermana-esposa de Abraham. Casualmente la reina que se venera en Ripoll es la Sara Ula también, a la que los griegos llamaron Pirene y es la Ceres de los Ceretanos de la Cerdaña también.</p>
<p>Más información en :</p>
<h1 class="title"><a title="La Biblia de Catalonia, Jerusalén y Babilonia" href="http://www.elmundodegallasalva.es/?page_id=2943" rel="bookmark">La Biblia de Catalonia, Jerusalén y Babilonia</a></h1>
<p><span data-ft="{&quot;tn&quot;:&quot;K&quot;}"><span class="UFICommentBody"> </span></span></p>
</div>
</div>
</div>
</div>
</div>
</div>
</div>
</div>
</div>
</div>
</div>
</div>

<p>«Si la profecía se hubiera de entender de los Hebréos y Judíos que en diversos tiempos vinieron á España, que&hellip;</p>
