{"id":682,"date":"2011-12-02T22:14:38","date_gmt":"2011-12-02T22:14:38","guid":{"rendered":"http:\/\/www.elmundodegallasalva.es\/?page_id=682"},"modified":"2015-09-12T21:59:35","modified_gmt":"2015-09-12T21:59:35","slug":"la-profecia-de-la-estrella-de-la-manana-la-alquimia-y-el-genesis","status":"publish","type":"page","link":"http:\/\/www.elmundodegallasalva.es\/?page_id=682","title":{"rendered":"La profec\u00eda de la Estrella de la Ma\u00f1ana, la alquimia y el G\u00e9nesis"},"content":{"rendered":"<p style=\"text-align: center;\"><strong>Cuando se dice en el Apocalipsis lo de:<\/strong><\/p>\n<p style=\"text-align: center;\"><strong>\u00abTENER OIDOS PARA ESCUCHAR LO QUE EL ESPIRITU DICE A LAS IGLESIAS\u00bb y que \u00abal vencedor le dar\u00e1 la Estrella de La Ma\u00f1ana\u00bb, que representa a Venus; debemos de saber que el s\u00edmbolo de Venus o Anj simboliza la INMORTALIDAD. Tambi\u00e9n la piedrecita blanca es s\u00edmbolo de la inmortalidad.<\/strong><\/p>\n<p style=\"text-align: center;\"><strong><a href=\"http:\/\/www.elmundodegallasalva.es\/wp-content\/uploads\/2011\/06\/manuscrit.jpg\"><img loading=\"lazy\" class=\"aligncenter size-full wp-image-69\" title=\"manuscrit\" src=\"http:\/\/www.elmundodegallasalva.es\/wp-content\/uploads\/2011\/06\/manuscrit.jpg\" alt=\"\" width=\"400\" height=\"130\" srcset=\"http:\/\/www.elmundodegallasalva.es\/wp-content\/uploads\/2011\/06\/manuscrit.jpg 400w, http:\/\/www.elmundodegallasalva.es\/wp-content\/uploads\/2011\/06\/manuscrit-300x97.jpg 300w\" sizes=\"(max-width: 400px) 100vw, 400px\" \/><\/a><\/strong><\/p>\n<p style=\"text-align: center;\"><strong>A principios de nuestra era cristiana la alquimia era considerada como un proceso de creaci\u00f3n y a menudo se identificaba con el G\u00e9nesis Biblico. La materia primordial era identificada con Gea o Cibeles o la Virgen Negra (ambas son la misma). Negro es el color de la piedra primordial.<\/strong><\/p>\n<p style=\"text-align: center;\"><strong>En la segunda fase de la creaci\u00f3n interven\u00eda el Agua Mercurial, identificada con Isis. Este blanco mercurial filos\u00f3fico o Leche de la Virgen es indispensable para la obtenci\u00f3n de la Piedra Filosofal.<\/strong><\/p>\n<p style=\"text-align: center;\"><strong>En el museo que hay en el interior de la catedral de Girona, se halla la reliquia de la Ver\u00f3nica que es un relicario que contiene una piedrecita blanca y la siguiente inscripci\u00f3n:\u00bbEx lacte Beatae Mariae Virginis pulvere facta\u00bbque significa \u00abEs polvo de la leche de la Beata Virgen Maria\u00bb. En el interior de la catedral se encuentra una clave de volta en la que aparece Sta Marta, llamada tambi\u00e9n la Ver\u00f3nica o la que porta el velo\u00bb. Santa Marta remueve una olla con una cuchara en la mano, mientras que con la otra mano sujeta a un drag\u00f3n.<\/strong><\/p>\n<p style=\"text-align: center;\"><strong>La Estrella de la Ma\u00f1ana es Venus, Estrella Maris, Astart\u00e9, Isis, la Virgen del Carmen patrona de la mar\u00edna que escarmienta o nos reconduce con sus leyes c\u00e1rmicas. Es tambi\u00e9n la Diosa Justicia, la misma que viene bien armada para el gran Juicio Final, que se identifica con la iglesia cat\u00f3lica y que con ayuda de sus tres angelitos ata con una cadena al Drag\u00f3n Infernal y pone en su sitio al Anticristo y a los falsos profetas.<\/strong><\/p>\n<p style=\"text-align: center;\"><strong><a href=\"http:\/\/www.elmundodegallasalva.es\/wp-content\/uploads\/2011\/09\/dsc021143.jpg\"><img loading=\"lazy\" class=\"aligncenter size-medium wp-image-341\" title=\"dsc02114\" src=\"http:\/\/www.elmundodegallasalva.es\/wp-content\/uploads\/2011\/09\/dsc021143-225x300.jpg\" alt=\"\" width=\"225\" height=\"300\" srcset=\"http:\/\/www.elmundodegallasalva.es\/wp-content\/uploads\/2011\/09\/dsc021143-225x300.jpg 225w, http:\/\/www.elmundodegallasalva.es\/wp-content\/uploads\/2011\/09\/dsc021143.jpg 480w\" sizes=\"(max-width: 225px) 100vw, 225px\" \/><\/a><\/strong><\/p>\n<p style=\"text-align: center;\"><strong>A las santas alquimistas siempre suelen pintarlas con un Drag\u00f3n atado con una cadena, pero la que controla al Drag\u00f3n de siete cabezas es la Virgen del Carmen, que tambi\u00e9n va armada con dos espadas flameantes y que es conducida por El\u00edas profeta en su Carro de Fuego.<\/strong><\/p>\n<p style=\"text-align: center;\"><strong><a href=\"http:\/\/www.elmundodegallasalva.es\/wp-content\/uploads\/2011\/09\/dsc02113.jpg\"><img loading=\"lazy\" class=\"aligncenter size-medium wp-image-359\" title=\"dsc02113\" src=\"http:\/\/www.elmundodegallasalva.es\/wp-content\/uploads\/2011\/09\/dsc02113-300x225.jpg\" alt=\"\" width=\"300\" height=\"225\" \/><\/a><\/strong><\/p>\n<p style=\"text-align: center;\"><strong>Vuestra Luz, Sagrada Aurora de los mortales es guia y norte, sois Estrella Matutina de una luz que no confunde&#8230;&#8230;reza la canci\u00f3n a la Virgen de mi pueblo<\/strong><\/p>\n<p style=\"text-align: center;\"><strong>Venus siempre est\u00e1 al lado del Sol, osea que si es de noche anuncia la salida del sol Y ES LA ESTRELLA DE LA MA\u00d1ANA.<\/strong><\/p>\n<p style=\"text-align: center;\"><strong>Cuando Venus sale por la tarde est\u00e1 junto a la puesta de Sol y es estrella Vespertina. Osea s\u00f3lo est\u00e1 cerca del Sol y s\u00f3lo se puede ver al amanecer o al atardecer.<\/strong><\/p>\n<p style=\"text-align: center;\"><strong>Venus es la diosa que representa nuestra macroera de Libra y que no podr\u00eda faltar al Final de los Tiempos, en el Jucio Final.\u00a0 Una macroera de Libra, siendo este signo zodiacal representado por la balanza y que por lo tanto representa\u00a0 la\u00a0 justicia , se ver\u00eda\u00a0 rid\u00edcula o sin sentido de no tener su Juicio Final.<br \/>\n<\/strong><\/p>\n<p>&nbsp;<\/p>\n<p>&nbsp;<\/p>\n<p>&nbsp;<\/p>\n","protected":false},"excerpt":{"rendered":"<p>Cuando se dice en el Apocalipsis lo de: \u00abTENER OIDOS PARA ESCUCHAR LO QUE EL ESPIRITU DICE A LAS IGLESIAS\u00bb&hellip;<\/p>\n","protected":false},"author":1,"featured_media":0,"parent":214,"menu_order":0,"comment_status":"open","ping_status":"open","template":"","meta":{"_monsterinsights_skip_tracking":false,"_monsterinsights_sitenote_active":false,"_monsterinsights_sitenote_note":"","_monsterinsights_sitenote_category":0},"_links":{"self":[{"href":"http:\/\/www.elmundodegallasalva.es\/index.php?rest_route=\/wp\/v2\/pages\/682"}],"collection":[{"href":"http:\/\/www.elmundodegallasalva.es\/index.php?rest_route=\/wp\/v2\/pages"}],"about":[{"href":"http:\/\/www.elmundodegallasalva.es\/index.php?rest_route=\/wp\/v2\/types\/page"}],"author":[{"embeddable":true,"href":"http:\/\/www.elmundodegallasalva.es\/index.php?rest_route=\/wp\/v2\/users\/1"}],"replies":[{"embeddable":true,"href":"http:\/\/www.elmundodegallasalva.es\/index.php?rest_route=%2Fwp%2Fv2%2Fcomments&post=682"}],"version-history":[{"count":0,"href":"http:\/\/www.elmundodegallasalva.es\/index.php?rest_route=\/wp\/v2\/pages\/682\/revisions"}],"up":[{"embeddable":true,"href":"http:\/\/www.elmundodegallasalva.es\/index.php?rest_route=\/wp\/v2\/pages\/214"}],"wp:attachment":[{"href":"http:\/\/www.elmundodegallasalva.es\/index.php?rest_route=%2Fwp%2Fv2%2Fmedia&parent=682"}],"curies":[{"name":"wp","href":"https:\/\/api.w.org\/{rel}","templated":true}]}}