{"id":79,"date":"2011-06-11T00:12:59","date_gmt":"2011-06-11T00:12:59","guid":{"rendered":"http:\/\/www.elmundodegallasalva.es\/?page_id=79"},"modified":"2021-11-27T23:43:00","modified_gmt":"2021-11-27T23:43:00","slug":"la-profecia-de-melusina","status":"publish","type":"page","link":"http:\/\/www.elmundodegallasalva.es\/?page_id=79","title":{"rendered":"La profec\u00eda de Melusina"},"content":{"rendered":"<address>\u00a0<\/address>\n<address style=\"text-align: left;\"><span style=\"color: #808000;\"><em><strong><a href=\"http:\/\/www.elmundodegallasalva.es\/wp-content\/uploads\/2012\/01\/Rotaci\u00f3ncarmen_fotos-14491.jpg\"><span style=\"color: #808000;\"><img loading=\"lazy\" class=\"alignleft size-medium wp-image-939\" alt=\"Rotaci\u00f3ncarmen_fotos 1449\" src=\"http:\/\/www.elmundodegallasalva.es\/wp-content\/uploads\/2012\/01\/Rotaci\u00f3ncarmen_fotos-14491-245x300.jpg\" width=\"245\" height=\"300\" srcset=\"http:\/\/www.elmundodegallasalva.es\/wp-content\/uploads\/2012\/01\/Rotaci\u00f3ncarmen_fotos-14491-245x300.jpg 245w, http:\/\/www.elmundodegallasalva.es\/wp-content\/uploads\/2012\/01\/Rotaci\u00f3ncarmen_fotos-14491.jpg 288w\" sizes=\"(max-width: 245px) 100vw, 245px\" \/><\/span><\/a><\/strong>\u00abRey expuesto rematar\u00e1 la ecatombe<\/em><\/span><\/address>\n<address style=\"text-align: left;\"><span style=\"color: #808000;\"><em> despu\u00e9s de haber encontrado su origen<\/em><\/span><\/address>\n<address style=\"text-align: left;\"><span style=\"color: #808000;\"><em> torrente abrir m\u00e1rmol y plomo la tumba<\/em><\/span><\/address>\n<address style=\"text-align: left;\"><span style=\"color: #808000;\"><em> de un gran rom\u00e1n de ense\u00f1a Melusina\u00bb<\/em><\/span><\/address>\n<address style=\"text-align: left;\"><span style=\"color: #808000;\"><em> (centuria IX de Nostradamus&#8230;cuarteta 84)<\/em><\/span><\/address>\n<p>\u00abLe Rom\u00e1n de Melusina\u00bb es una leyenda que nos cuenta la historia de Melusina.\u00a0La palabra rom\u00e1n parece que venga de romano, pero podr\u00eda venir de \u00abroman\u00ed\u00bb o \u00abromero\u00bb, una planta que tambi\u00e9n \u00a0da nombre a las romer\u00edas o peregrinajes y los romeros son peregrinos!\u00a0Sin embarg\u00f3 la palabra Rom\u00e1n es posible que tenga que ver con el famoso Romancero y los rom\u00e1nticos!\u00a0Osea que en el contexto de la profec\u00eda de Nostradamus: Rom\u00e1n ser\u00eda un romero o peregrino descendiente de Melusina, es una posibilidad.<\/p>\n<p>Otra posibilidad es que tenga que ver con el nombre de Rom\u00e1n en si o que tenga que ver con las palabras que pronunci\u00f3 Jes\u00fas cuando vino al Ripoll o hasta podr\u00eda referirse al fundador de Roma?Tambi\u00e9n hemos de tener en cuenta la profec\u00eda de San Malaqu\u00edas, que nos dice que el \u00a0\u00faltimo papa es un tal Petrus Romanus.\u00a0Vamos a examinar estas posibilidades que posiblemente tengan mucha relaci\u00f3n en com\u00fan.<\/p>\n<p>El Rom\u00e1n (Romance) de Melusina es una historia que narr\u00f3 Juan de Arras, que era librero del duque de Berry y que seguramente escribiera como justificante de los derechos del duque de Lusignan. De ning\u00fan modo debe entenderse que se trate de una historia inventada, aunque posiblemente haya podido sufrir mucha alteraci\u00f3n.<\/p>\n<p>Se supone que el rey Elinas de Albi\u00f3n, que estaba llorando en un bosque la muerte de su esposa, se encontr\u00f3 con el hada Presina que lo consol\u00f3. El consuelo debi\u00f3 de ser tan efectivo que Elinas pidi\u00f3 matrimonio al hada y \u00e9sta accedi\u00f3 a casarse con \u00e9l siempre que el rey jurase que si ten\u00edan hijos no intentar\u00eda verla durante el parto y crianza.<\/p>\n<p>Presina tuvo trillizas, llamadas respectivamente Melusina, Melior y Palestina, pero desgraciadamente Elinas incumpli\u00f3 su promesa y Presina huy\u00f3 del reino con sus tres hijas a la misteriosa isla de Avalon.\u00a0Tras culpar al padre, las trillizas encerraron a Elinas en la monta\u00f1a de Brumbloremli\u00f3n, en Northumberland.\u00a0Presina se enfad\u00f3 much\u00edsimo tras la desgraciada suerte del marido, al que amaba much\u00edsimo y castig\u00f3 severamente a las hijas.\u00a0A Melusina, por haber inducido a sus hermanas, la conden\u00f3 a convertirse todos los s\u00e1bados en serpiente del ombligo para abajo y adem\u00e1s si encuentra a un hombre que la quiera tomar por esposa, debe prometerle que no la ver\u00e1 ning\u00fan s\u00e1bado&#8230;.<\/p>\n<p>A Melior le concede un castillo en Gran Armenia, en \u00e9l que ha de custodiar a un gavil\u00e1n hasta que vuelva el Alto Due\u00f1o. Todos los caballeros que vayan all\u00ed, hacia el d\u00eda anterior a San Juan y que sean capaces de velar la antev\u00edspera, la v\u00edspera y el d\u00eda veinticinco de junio, sin dormirse, recibir\u00e1n un regalo. Pero si piden para casarse contigo o cualquier otra uni\u00f3n, ser\u00e1n desgraciados hasta la novena generaci\u00f3n y perder\u00e1n sus riquezas!\u00a0A Palestina se la encierra en una cueva de la monta\u00f1a de Canig\u00f3 hasta que un caballero de su estirpe llegue all\u00ed y la libere!<\/p>\n<p>En cuanto a Elinas de Albi\u00f3n&#8230;.Alb\u00ed\u00f3n era como se llamaba antiguamente a la Gran Breta\u00f1a&#8230;.. pero los Albiones, seg\u00fan los romanos, estaban asentados en el suroccidente actual de Asturias (Espa\u00f1a).\u00a0He buscado en la lista de los reyes de Escocia y no aparece el rey Elinas. En cambio si que existe la estela de Nicer Clutosi, pr\u00edncipe de Albi\u00f3n, del siglo I despu\u00e9s de Cristo. Esta estela se encontr\u00f3 en un pueblo de Asturias llamado Concejo de Vegadeo, en el a\u00f1o 1932 y est\u00e1 expuesta en el museo de Oviedo.<\/p>\n<p>El Canig\u00f3 es una monta\u00f1a del Pirineo, actualmente franc\u00e9s, muy cerca de la frontera de Espa\u00f1a&#8230; est\u00e1 bastante cerca de Ribes de fres\u00e9r, encima de la estaci\u00f3n de esqu\u00ed Valter 2000. Se supone que en la cima del Canig\u00f3 est\u00e1 enterrada la reina atlante Pirene, que fue H\u00e9rcules el que la enterr\u00f3 despu\u00e9s que la encontrara moribunda en una cueva a la que hab\u00eda huido despues que incendiaran los Pirineos los tres hijos del Geri\u00f3n.<\/p>\n<p><a href=\"http:\/\/www.elmundodegallasalva.es\/wp-content\/uploads\/2011\/06\/font-ogassa-gra-.jpg\"><img loading=\"lazy\" class=\"size-medium wp-image-80 alignright\" title=\"font ogassa gra-\" alt=\"\" src=\"http:\/\/www.elmundodegallasalva.es\/wp-content\/uploads\/2011\/06\/font-ogassa-gra--300x225.jpg\" width=\"300\" height=\"225\" srcset=\"http:\/\/www.elmundodegallasalva.es\/wp-content\/uploads\/2011\/06\/font-ogassa-gra--300x225.jpg 300w, http:\/\/www.elmundodegallasalva.es\/wp-content\/uploads\/2011\/06\/font-ogassa-gra-.jpg 400w\" sizes=\"(max-width: 300px) 100vw, 300px\" \/><\/a><\/p>\n<p>La foto de arriba es la de la Fuente Grande de Ogassa, que brota en el interior de una cueva que est\u00e1 cerrada por unas rejas, que seguramente se han colocado dada la peligrosidad.\u00a0Ogassa es un pueblecito del Ripoll\u00e9s que hay cerca del Canig\u00f3<\/p>\n<p>Unas escaleras bajan a la fuente dejando entrever un lugar de ritual, posiblemente bautismal ? Un agujero de unos diez cm de di\u00e1metro, por el que emerge el agua que forma una especie de piscina y vuelve a desaparecer. En en centro de la estancia hay tambi\u00e9n una especie de altar.<\/p>\n<p><a href=\"http:\/\/www.elmundodegallasalva.es\/wp-content\/uploads\/2011\/06\/fon-ogassa-gran.jpg\"><img loading=\"lazy\" class=\"size-medium wp-image-85 alignleft\" title=\"fon ogassa gran\" alt=\"\" src=\"http:\/\/www.elmundodegallasalva.es\/wp-content\/uploads\/2011\/06\/fon-ogassa-gran-300x225.jpg\" width=\"300\" height=\"225\" srcset=\"http:\/\/www.elmundodegallasalva.es\/wp-content\/uploads\/2011\/06\/fon-ogassa-gran-300x225.jpg 300w, http:\/\/www.elmundodegallasalva.es\/wp-content\/uploads\/2011\/06\/fon-ogassa-gran.jpg 400w\" sizes=\"(max-width: 300px) 100vw, 300px\" \/><\/a>Vista del interior de la fuente , bajando las escaleras hay la fuente que emerge del suelo para filtrarse nuevamente y desaparecer.<\/p>\n<p>Un poquito m\u00e1s abajo de la cueva se forma el r\u00edo de la foto&#8230;.<\/p>\n<p><a href=\"http:\/\/www.elmundodegallasalva.es\/wp-content\/uploads\/2011\/06\/fon-ogassa-g.jpg\"><img loading=\"lazy\" class=\"size-medium wp-image-81 alignright\" title=\"fon ogassa g\" alt=\"\" src=\"http:\/\/www.elmundodegallasalva.es\/wp-content\/uploads\/2011\/06\/fon-ogassa-g-300x225.jpg\" width=\"300\" height=\"225\" srcset=\"http:\/\/www.elmundodegallasalva.es\/wp-content\/uploads\/2011\/06\/fon-ogassa-g-300x225.jpg 300w, http:\/\/www.elmundodegallasalva.es\/wp-content\/uploads\/2011\/06\/fon-ogassa-g.jpg 400w\" sizes=\"(max-width: 300px) 100vw, 300px\" \/><\/a><\/p>\n<p>Encima de la fuente hay una monta\u00f1a m\u00e1s o menos piramidal que tiene cuatro cuevas: la cueva de las Monjas, la de los Encantats o Encantados, la de la Cansalada y otra que no se sabe como se llama&#8230;..<\/p>\n<p>Hay una leyenda que nos habla de la \u00abCueva de los Encantados\u00bb, seg\u00fan la cual \u00e9sta tiene un agujero que si lo pisas te quedas encantado.<\/p>\n<p>Dice tambi\u00e9n la leyenda que en la Cueva de los Encantados es donde vive el diablo y que cuando se ba\u00f1a el agua del r\u00edo cercano se ti\u00f1e de rojo.\u00a0Otra cosa que se dice de la Cueva de los Encantados: es que el d\u00eda de San Juan, a las doce de la noche, salen los encantados a lavar la ropa, que los hay hombres y mujeres y que tienen la ropa tendida hasta que el gallo canta. Mientras las mujeres lavan la ropa los hombres pican piedra y el ruido llega hasta los pueblos vecinos&#8230;&#8230;<\/p>\n<p><a href=\"http:\/\/www.elmundodegallasalva.es\/wp-content\/uploads\/2011\/06\/cova-de-la-cansalada.jpg\"><img loading=\"lazy\" class=\"size-medium wp-image-84 alignleft\" title=\"cova de la cansalada\" alt=\"\" src=\"http:\/\/www.elmundodegallasalva.es\/wp-content\/uploads\/2011\/06\/cova-de-la-cansalada-300x225.jpg\" width=\"300\" height=\"225\" srcset=\"http:\/\/www.elmundodegallasalva.es\/wp-content\/uploads\/2011\/06\/cova-de-la-cansalada-300x225.jpg 300w, http:\/\/www.elmundodegallasalva.es\/wp-content\/uploads\/2011\/06\/cova-de-la-cansalada.jpg 400w\" sizes=\"(max-width: 300px) 100vw, 300px\" \/><\/a><\/p>\n<p>La cueva llamada de la Cansalada de la foto, es la que hay antes de llegar a la Cueva de los Encantados, en Ogassa y parece que para llegar a ella hay que ir escalando. Pero si se observa detenidamente la foto, en la base del agujero hay piedras superpuestas, indicadoras de que en alg\u00fan momento se trat\u00f3 de una cueva porticada o algo por el estilo. Son muy comunes las cuevas o baumas porticadas en la zona, algunas de las cuales estaban a\u00fan habitadas en el siglo pasado.<\/p>\n<p>Seg\u00fan una leyenda del Ripoll\u00e9s: erase una vez un muchacho del pueblo de Ribes, que decidi\u00f3 embarcar en el puerto de Barcelona y lleg\u00f3 a Constantinopla&#8230;una vez all\u00ed sus amigos le acompa\u00f1aron al palacio del Gran Turco. El Gran Turco le pregunt\u00f3 de donde era y el joven contest\u00f3 que era de Ribes de Freser y que estaba a su disposici\u00f3n para lo le gustara mandarle.<\/p>\n<p>-El Gran Turco le respondi\u00f3 que casualmente le ten\u00eda que pedir un favor, ya que justamente en las cuevas de Ribes ten\u00eda a una hija suya encantada y que quer\u00eda que le llevara una carta que le iba a entregar&#8230;.\u00bbEntrar\u00e1s a la cueva y ver\u00e1s a una gran serpiente, pero no tengas miedo, tienes que ponerle la carta en la boca y en cuanto lo hagas&#8230;el monstruo se convertir\u00e1 en una gentil doncella. Pero ten cuidado porque si te cae la carta y toca el suelo ya no se desencantar\u00eda su hija y no la ver\u00eda nunca m\u00e1s. Si por el contrari\u00f3 consegu\u00eda desencantarla, medio reino ser\u00eda suyo\u00bb.<\/p>\n<p>As\u00ed pu\u00e9s regres\u00f3 el joven a su pueblo con la carta del Gran Turco y una vez all\u00ed se adentr\u00f3 en la cueva de Ribes y puso la carta al extremo de una ca\u00f1a, pero cuando apareci\u00f3 la espantosa serpiente el pobre muchacho se puso a temblar y le cay\u00f3 la carta al suelo&#8230;.y es as\u00ed que la princesa qued\u00f3 encantada para siempre m\u00e1s y todo ello porque el descuidado joven se olvid\u00f3 de hacerse la se\u00f1al de la cruz al entrar<\/p>\n<p>A saber quien ser\u00eda el Gran Turco que ten\u00eda una hija encantada? Seguramente esa historia se remonte a la antigua Asia Menor, actual Turqu\u00eda.\u00a0Entre las provincias de Asia Menor se encontraban Frigia, Lidia y Galacia, \u00e9sta \u00faltima llamada as\u00ed por una ocupaci\u00f3n de los antiguos galos tras socorrer al rey de Bitinia y repartirse el reino con este.<\/p>\n<p><a href=\"http:\/\/www.elmundodegallasalva.es\/wp-content\/uploads\/2011\/06\/ogassa.jpg\"><img loading=\"lazy\" class=\"size-medium wp-image-86 alignright\" title=\"ogassa\" alt=\"\" src=\"http:\/\/www.elmundodegallasalva.es\/wp-content\/uploads\/2011\/06\/ogassa-300x225.jpg\" width=\"300\" height=\"225\" srcset=\"http:\/\/www.elmundodegallasalva.es\/wp-content\/uploads\/2011\/06\/ogassa-300x225.jpg 300w, http:\/\/www.elmundodegallasalva.es\/wp-content\/uploads\/2011\/06\/ogassa.jpg 400w\" sizes=\"(max-width: 300px) 100vw, 300px\" \/><\/a><\/p>\n<p>Foto de Ogasa en la que se ve una monta\u00f1a de forma piramidal, que m\u00e1s o menos est\u00e1 encima de la Fuente Grande. Debajo vemos una puesta de sol de Ogassa.<\/p>\n<p><a href=\"http:\/\/www.elmundodegallasalva.es\/wp-content\/uploads\/2011\/06\/posta-de-sol-ogass.jpg\"><img loading=\"lazy\" class=\"size-medium wp-image-87 alignleft\" title=\"posta de sol ogass\" alt=\"\" src=\"http:\/\/www.elmundodegallasalva.es\/wp-content\/uploads\/2011\/06\/posta-de-sol-ogass-300x225.jpg\" width=\"300\" height=\"225\" srcset=\"http:\/\/www.elmundodegallasalva.es\/wp-content\/uploads\/2011\/06\/posta-de-sol-ogass-300x225.jpg 300w, http:\/\/www.elmundodegallasalva.es\/wp-content\/uploads\/2011\/06\/posta-de-sol-ogass.jpg 400w\" sizes=\"(max-width: 300px) 100vw, 300px\" \/><\/a><\/p>\n<p>Como hemos dicho se supone que\u00a0 la ninfa Palestina\u00a0 est\u00e1 encantada en una cueva del Canig\u00f3, eso seg\u00fan Juan de Arras, m\u00e1s o menos como la reina Atlante Pirene. \u00bfAcaso podr\u00edan ser la misma persona?<\/p>\n<p>Tenemos por otra parte a la Encantada de la Cueva de Ribas que est\u00e1 convertida en serpiente, que es hija del Gran Turco. Pero esa m\u00e1s bien parece coincidir con la famosa Melusina transformada en serpiente que como podremos comprobar no es otra que la famos\u00edsima Medusa o la Medea hija del del Rei Medei de los Medas, de Asia Menor o actual Turqu\u00eda.<\/p>\n<p>Existen leyendas que nos cuentan como los Argonautas llegaban al Ampurd\u00e1n, al Cabo de Creus, siguendo a la Estrella Occidental Vespero o Hespero que da nombre a la Vera Hesperia o Espa\u00f1a o la Hispania del pendejo del Dios Pan, que no es otro que el mism\u00edsimo Jano-Saturno-Jas\u00f3n.<\/p>\n<p>Los emperadores romanos sol\u00edan llevar la cabeza de la Medusa a modo de talism\u00e1n, luc\u00edan el gorgoneion en el pecho de su armadura. Osiris llevaba la cabeza de la Medusa en su escudo.<\/p>\n<p>La profec\u00eda de Nostradamus nos habla de un Rey y de una tumba de un romano de ense\u00f1a Melusina, en otras cuartetas ident\u00edfica al Rey con un tal Ebriano y con el r\u00edo Ebro. Autores antiguos, como Hauberto Hispalense, han ubicado la tumba de la Sibila Eritrea encima de las fuentes del Ebro.<\/p>\n<p>Tal como habla Nostradamus se puede entrever que el nuevo Rey adopta de alguna manera la tradici\u00f3n celta, que consiste en ir al lugar donde est\u00e1n enterrados los antepasados u otros reyes y recoger\u00a0 la espada o el cetro, emulando al rey\u00a0 Arturo y la extracci\u00f3n de\u00a0 la espada en la piedra. Notese en este acto de extraer de una piedra un simbol\u00edsmo relacionado con la encantada Medusa o Medea. \u00a1Aqu\u00ed todos pasan por la Pierda, como el buen musulm\u00e1n!<\/p>\n<p>Arturo, que en realidad fue Afterio o Asterio o Astur y llamado\u00a0 Hermes Trismegistro por los griegos, di\u00f3 nombre a Asturias. Los ingleses, que se aburren en las h\u00famedas noches de invierno, lo adoptaron como rey. Los franceses, que antes muertos que sencillos, arreglaron o liaron la cosa para darse importancia y al final qued\u00f3 un tremendo popurr\u00ed. Mientras tanto los m\u00edticos reyes de Espa\u00f1a siguen encantados en sus cuevas, esperando al caballero andante o Quijote.<\/p>\n<p>&nbsp;<\/p>\n<p>&nbsp;<\/p>\n","protected":false},"excerpt":{"rendered":"<p>\u00a0 \u00abRey expuesto rematar\u00e1 la ecatombe despu\u00e9s de haber encontrado su origen torrente abrir m\u00e1rmol y plomo la tumba de&hellip;<\/p>\n","protected":false},"author":1,"featured_media":0,"parent":2231,"menu_order":0,"comment_status":"closed","ping_status":"open","template":"","meta":{"_monsterinsights_skip_tracking":false,"_monsterinsights_sitenote_active":false,"_monsterinsights_sitenote_note":"","_monsterinsights_sitenote_category":0},"_links":{"self":[{"href":"http:\/\/www.elmundodegallasalva.es\/index.php?rest_route=\/wp\/v2\/pages\/79"}],"collection":[{"href":"http:\/\/www.elmundodegallasalva.es\/index.php?rest_route=\/wp\/v2\/pages"}],"about":[{"href":"http:\/\/www.elmundodegallasalva.es\/index.php?rest_route=\/wp\/v2\/types\/page"}],"author":[{"embeddable":true,"href":"http:\/\/www.elmundodegallasalva.es\/index.php?rest_route=\/wp\/v2\/users\/1"}],"replies":[{"embeddable":true,"href":"http:\/\/www.elmundodegallasalva.es\/index.php?rest_route=%2Fwp%2Fv2%2Fcomments&post=79"}],"version-history":[{"count":1,"href":"http:\/\/www.elmundodegallasalva.es\/index.php?rest_route=\/wp\/v2\/pages\/79\/revisions"}],"predecessor-version":[{"id":3884,"href":"http:\/\/www.elmundodegallasalva.es\/index.php?rest_route=\/wp\/v2\/pages\/79\/revisions\/3884"}],"up":[{"embeddable":true,"href":"http:\/\/www.elmundodegallasalva.es\/index.php?rest_route=\/wp\/v2\/pages\/2231"}],"wp:attachment":[{"href":"http:\/\/www.elmundodegallasalva.es\/index.php?rest_route=%2Fwp%2Fv2%2Fmedia&parent=79"}],"curies":[{"name":"wp","href":"https:\/\/api.w.org\/{rel}","templated":true}]}}