{"id":2386,"date":"2014-07-04T20:47:35","date_gmt":"2014-07-04T20:47:35","guid":{"rendered":"http:\/\/www.elmundodegallasalva.es\/?page_id=2386"},"modified":"2015-10-13T20:13:25","modified_gmt":"2015-10-13T20:13:25","slug":"el-juicio-de-la-ramera-de-babilonia-y-las-siete-macroeras-oscuras","status":"publish","type":"page","link":"https:\/\/www.elmundodegallasalva.es\/?page_id=2386","title":{"rendered":"El Juicio de la Ramera de Babilonia y las Siete Macroeras Oscuras"},"content":{"rendered":"<p>&nbsp;<\/p>\n<p>Mucho se ha especulado sobre el significado de Ramera de Babilonia, pero no se puede interpretar la Apocal\u00edptica sin tener grandes conocimientos astrol\u00f3gicos, porque se nos est\u00e1 hablando ASTROL\u00d3GICAMENTE. Se nos est\u00e1 hablando de las SIETE MACROERAS OSCURAS o Drag\u00f3n Infernal de siete cabezas, sobre los que se asienta la MUJER y que simboliza a Venus.<\/p>\n<p><a href=\"http:\/\/www.elmundodegallasalva.es\/wp-content\/uploads\/2014\/07\/Whore_of_Babylon.jpg\"><img loading=\"lazy\" class=\"alignleft size-medium wp-image-2387\" src=\"http:\/\/www.elmundodegallasalva.es\/wp-content\/uploads\/2014\/07\/Whore_of_Babylon-300x182.jpg\" alt=\"Whore_of_Babylon\" width=\"300\" height=\"182\" srcset=\"https:\/\/www.elmundodegallasalva.es\/wp-content\/uploads\/2014\/07\/Whore_of_Babylon-300x182.jpg 300w, https:\/\/www.elmundodegallasalva.es\/wp-content\/uploads\/2014\/07\/Whore_of_Babylon.jpg 694w\" sizes=\"(max-width: 300px) 100vw, 300px\" \/><\/a>Es el el Apocalipsis 17: 1-2 que vemos a la Ramera \u00a0que es descrita de la siguiente manera:<\/p>\n<address><span style=\"color: #800000;\"><sup>\u00ab<\/sup>Entonces vino uno de los siete \u00c1ngeles que llevaban las siete copas y me habl\u00f3: \u00abVen, que te voy a mostrar el juicio de la c\u00e9lebre Ramera, que se sienta sobre grandes aguas,<\/span><br \/>\n<span style=\"color: #800000;\">con ella fornicaron los reyes de la tierra, y los habitantes de la tierra se embriagaron con el vino de su prostituci\u00f3n\u00bb<\/span><\/address>\n<p>Se nos est\u00e1 hablando del Juicio de la Ramera y vemos que viene montada en un Drag\u00f3n de siete cabezas y a siete reyes y dice que todos los habitantes de la tierra han bebido del vino de su lujuria y se han EMBORRACHADO con ella. La vemos en el grabado ruso de siglo XIX que lleva una copa en la mano y es la misma Copa del Grial que contiene la Sangre de los M\u00e1rtires. Lo dice as\u00ed en Apocalipsis 17:6-18 :<span style=\"font-style: italic;\">\u201cVi a la mujer ebria de la sangre de los santos, y de la sangre de los m\u00e1rtires de Jes\u00fas; y cuando la vi, qued\u00e9 asombrado con gran asombro. Y el \u00e1ngel me dijo: \u00bfPor qu\u00e9 te asombras? Yo te dir\u00e9 el misterio de la mujer, y de la bestia que la trae, la cual tiene las siete cabezas y los diez cuernos. La bestia que has visto, era, y no es; y est\u00e1 para subir del abismo e ir a perdici\u00f3n; y los moradores de la tierra, aquellos cuyos nombres no est\u00e1n escritos desde la fundaci\u00f3n del mundo en el libro de la vida, se asombrar\u00e1n viendo la bestia que era y no es, y ser\u00e1.\u00a0 Esto, para la mente que tenga sabidur\u00eda: Las siete cabezas son siete montes, sobre los cuales se sienta la mujer y son siete reyes. Cinco de ellos han ca\u00eddo; uno es, y el otro a\u00fan no ha venido; y cuando venga, es necesario que dure breve tiempo. La bestia que era, y no es, es tambi\u00e9n el octavo; y es de entre los siete, y va a la perdici\u00f3n.Y los diez cuernos que has visto son diez reyes, que a\u00fan no han recibido reino; pero por una hora recibir\u00e1n autoridad como reyes juntamente con la bestia. Estos tienen un mismo prop\u00f3sito, y entregar\u00e1n su poder y su autoridad a la bestia.Pelear\u00e1n contra el Cordero, y el Cordero los vencer\u00e1, porque \u00e9l es Se\u00f1or de se\u00f1ores y Rey de reyes.<\/span><\/p>\n<p><a href=\"http:\/\/www.elmundodegallasalva.es\/wp-content\/uploads\/2013\/03\/Ampurias.jpg\"><img loading=\"lazy\" class=\"alignright size-full wp-image-1945\" src=\"http:\/\/www.elmundodegallasalva.es\/wp-content\/uploads\/2013\/03\/Ampurias.jpg\" alt=\"Ampurias\" width=\"275\" height=\"129\" \/><\/a>Venus se ha identificado por miles de a\u00f1os con la prostituci\u00f3n y tambi\u00e9n con el AMOR y con la JUSTICIA o signo de la Balanza que es Libra, pero tambi\u00e9n con la Sant\u00edsima Virgen madre de Dios y el signo de Virgo. Nacida en el Oc\u00e9ano y rodeada de delfines o de peces es como figura en las monedas de Ampurias, lugar cercano al que fuera el Gran Templo de Venus, actualnente llamado San Pedro de Roda y que fuera visitado por los santos y los m\u00e1rtires como San Narciso el patr\u00f3n de Gerona o el mism\u00edsimo Profeta Narbonense San Pablo y tambi\u00e9n por Jesucristo y los ap\u00f3stoles. Se nos est\u00e1 hablando de la Macroera de Libra, que es un signo representado por una Balanza y que doble&#8230;.osea que representa la b\u00fasqueda del Equilibrio entre el Bien y el Mal y el JUICIO FINAL.<\/p>\n<p>La Diosa Venus, que se ha identificado con la Quinta Sibila Eritrea que fuera Reina de Espa\u00f1a y con el signo de Virgo astrol\u00f3gico, es tambi\u00e9n la que nos representa en nuestra s\u00e9ptima macroera de Libra y nos represent\u00f3 en la ERA de Virgo y la Ceres y tambi\u00e9n nos representa al final de nuestra era de Piscis, pero s\u00f3lo al Final y brevemente. Ella es la Madre que nos gu\u00eda, La Virgen-Virgo y nos acerca a las puertas del Cielo o a la entrada de la octava Macroera de Escorpio, \u00a0primera de las macroeras luminosas y a la quinta dimensi\u00f3n.<\/p>\n<p>En realidad se est\u00e1 fechando astrol\u00f3gicamente el Final de los Tiempos, se nos habla de los siete Montes de Venus o MACROERAS , de 12 signos y un total de 26.000 a\u00f1os aproximadamente cada una. Los siete reyes aluden a las siete eras \u00faltimas, porque se empezaba a contar a partir de la era de Virgo y de la reina de nacida en Babilonia que sobrevivi\u00f3 al Diluvio y la destrucci\u00f3n de Sodoma y Gomorra, osea la Virgen o Ceres que rein\u00f3 en Ceretania y que hab\u00eda de venir al Final de los Tiempos junto al Mes\u00edas y que es la portadora de la \u00faltima profec\u00eda. \u00a0Todo est\u00e1 tambi\u00e9n \u00a0relacionado con la profec\u00eda de San Daniel que nos habla del LIBRO SELLADO y los Siete Sellos que s\u00f3lo pueden abrirse al Final. Tambi\u00e9n con las profec\u00edas de Ezequiel y las de Nostradamus y otros profetas.<\/p>\n<address><a href=\"http:\/\/www.elmundodegallasalva.es\/wp-content\/uploads\/2011\/09\/dsc021143.jpg\"><img loading=\"lazy\" class=\"alignleft size-medium wp-image-341\" src=\"http:\/\/www.elmundodegallasalva.es\/wp-content\/uploads\/2011\/09\/dsc021143-225x300.jpg\" alt=\"dsc02114\" width=\"225\" height=\"300\" srcset=\"https:\/\/www.elmundodegallasalva.es\/wp-content\/uploads\/2011\/09\/dsc021143-225x300.jpg 225w, https:\/\/www.elmundodegallasalva.es\/wp-content\/uploads\/2011\/09\/dsc021143.jpg 480w\" sizes=\"(max-width: 225px) 100vw, 225px\" \/><\/a>Vemos como menciona el Apocalipsis el Final de los Tiempos, osea el Final de nuestra Macroera de la s\u00e9ptima macroera de Libra y era de Piscis:<br \/>\n<span style=\"color: #800000;\">\u201cO\u00ed una gran voz que dec\u00eda desde el templo a los siete \u00e1ngeles: Id y derramad sobre la tierra las siete copas de la ira de Dios\u201d.<\/span><br \/>\n<span style=\"color: #800000;\"> Fue el primero, y derram\u00f3 su copa sobre la tierra, y vino una \u00falcera maligna y pestilente sobre los hombres que ten\u00edan la marca de la bestia, y que adoraban su imagen.<\/span><br \/>\n<span style=\"color: #800000;\">El segundo \u00e1ngel derram\u00f3 su copa sobre el mar, y \u00e9ste se convirti\u00f3 en sangre como de muerto; y muri\u00f3 todo ser vivo que hab\u00eda en el mar.\u00a0<\/span><br \/>\n<span style=\"color: #800000;\">El tercer \u00e1ngel derram\u00f3 su copa sobre los r\u00edos, y sobre las fuentes de las aguas, y se convirtieron en sangre. Y o\u00ed al \u00e1ngel de las aguas, que dec\u00eda: Justo eres t\u00fa, oh Se\u00f1or, el que eres y que eras, el Santo, porque has juzgado estas cosas. Por cuanto derramaron la sangre de los santos y de los profetas, tambi\u00e9n t\u00fa les has dado a beber sangre; pues lo merecen. Tambi\u00e9n o\u00ed a otro, que desde el altar dec\u00eda: Ciertamente, Se\u00f1or Dios Todopoderoso, tus juicios son verdaderos y justos. \u00a0El cuarto \u00e1ngel derram\u00f3 su copa sobre el sol, al cual fue dado quemar a los hombres con fuego. Y los hombres se quemaron con el gran calor, y blasfemaron el nombre de Dios, que tiene poder sobre estas plagas, y no se arrepintieron para darle gloria.\u00a0<\/span><br \/>\n<span style=\"color: #800000;\"> El quinto \u00e1ngel derram\u00f3 su copa sobre el trono de la bestia; y su reino se cubri\u00f3 de tinieblas, y mord\u00edan de dolor sus lenguas, y blasfemaron contra el Dios del cielo por sus dolores y por sus \u00falceras, y no se arrepintieron de sus obras.\u00a0<\/span><br \/>\n<span style=\"color: #800000;\">El sexto \u00e1ngel derram\u00f3 su copa sobre el gran r\u00edo E\u00fafrates; y el agua de \u00e9ste se sec\u00f3, para que estuviese preparado el camino a los reyes del oriente. Y vi salir de la boca del drag\u00f3n, y de la boca de la bestia, y de la boca del falso profeta, tres esp\u00edritus inmundos a manera de ranas; pues son esp\u00edritus de demonios, que hacen se\u00f1ales, y van a los reyes de la tierra en todo el mundo, para reunirlos a la batalla de aquel gran d\u00eda del Dios Todopoderoso. He aqu\u00ed, yo vengo como ladr\u00f3n. Bienaventurado el que vela, y guarda sus ropas, para que no ande desnudo, y vean su verg\u00fcenza. Y los reuni\u00f3 en el lugar que en hebreo se llama Armaged\u00f3n .<\/span><br \/>\n<span style=\"color: #800000;\">El s\u00e9ptimo \u00e1ngel derram\u00f3 su copa por el aire; y sali\u00f3 una gran voz del templo del cielo, del trono, diciendo: Hecho est\u00e1. Entonces hubo rel\u00e1mpagos y voces y truenos, y un gran temblor de tierra, un terremoto tan grande, cual no lo hubo jam\u00e1s desde que los hombres han estado sobre la tierra. Y la gran ciudad fue dividida en tres partes, y las ciudades de las naciones cayeron; y la gran Babilonia vino en memoria delante de Dios, para darle el c\u00e1liz del vino del ardor de su ira. Y toda isla huy\u00f3, y los montes no fueron hallados. Y cay\u00f3 del cielo sobre los hombres un enorme granizo como del peso de un talento; y los hombres blasfemaron contra Dios por la plaga del granizo; porque su plaga fue sobremanera grande. Apocalipsis 6 y 8<\/span><\/address>\n<address><span style=\"color: #808080;\">Seg\u00fan la Cosmolog\u00eda de Tolomeo\u00a0 la Sibila Eritrea, la quinta Sibila y nacida en Babilonia,\u00a0 es la que profetiza sobre Cristo y habla as\u00ed:<\/span><\/address>\n<address><span style=\"color: #800000;\">\u201cEn el momento final Dios se volver\u00e1 humilde, se volver\u00e1 humilde su descendencia divina: yacer\u00e1 en el heno el cordero y nacer\u00e1 un dios hombre mediante la intervenci\u00f3n de una doncella. Le preceder\u00e1n se\u00f1ales entre los judios y una vetusta mujer concebir\u00e1 una criatura. Betes admirar\u00e1 al conductor del orbe y se preparar\u00e1 para el nacimiento\u201d<\/span><\/address>\n<p>La Sibila Eritrea es tambi\u00e9n la portadora de la \u00faltima profec\u00eda y la guardiana del p\u00f3rtico de la Gloria, tal como se representa en la catedral de Santiago de Compostela. Es conocida tambi\u00e9n con el nombre de Medea y tambi\u00e9n nos cuenta la Cosmolog\u00eda de Tolomeo que Jas\u00f3n, hermano del rey Pelias, fue expulsado con su esposa Medea de Tesalia por los hijos de Pelias.<\/p>\n<p>Jas\u00f3n y su hermano D\u00e1rdano partieron de Grecia y llegaron respectivamente\u00a0 a Tracia y Frigia. D\u00e1rdano fue el primer rey de Frigia, al que sucedi\u00f3 su hijo Erictonio y posteriormmente su nieto Tros que es el que da nombre a los troyanos.<\/p>\n<p>Jas\u00f3n, su esposa Medea y los argonautas protagonizan una de las aza\u00f1as\u00a0 m\u00e1s famosas de la historia, despu\u00e9s que escaparon con el Velloncino de Oro, que era el vell\u00f3n del Carnero Alado Crisomallo cuya lana era de oro y que colgaba de un roble.<\/p>\n<p>M\u00e1s informaci\u00f3n en el siguiente enlace:<\/p>\n<h2 class=\"title\"><a title=\"La profec\u00eda de El\u00edas, Enoch, la Mujer del Cordero, los argonautas y el Anticristo; los secretos del Para\u00edso\" href=\"http:\/\/www.elmundodegallasalva.es\/?page_id=449\" rel=\"bookmark\">La profec\u00eda de El\u00edas, Enoch, la Mujer del Cordero, los argonautas y el Anticristo; los secretos del Para\u00edso<\/a><\/h2>\n<h2><strong><span style=\"color: #ff6600;\">\u00a0<\/span><\/strong><\/h2>\n<p>&nbsp;<\/p>\n","protected":false},"excerpt":{"rendered":"<p>&nbsp; Mucho se ha especulado sobre el significado de Ramera de Babilonia, pero no se puede interpretar la Apocal\u00edptica sin&hellip;<\/p>\n","protected":false},"author":1,"featured_media":0,"parent":214,"menu_order":0,"comment_status":"closed","ping_status":"closed","template":"","meta":{"_monsterinsights_skip_tracking":false,"_monsterinsights_sitenote_active":false,"_monsterinsights_sitenote_note":"","_monsterinsights_sitenote_category":0},"_links":{"self":[{"href":"https:\/\/www.elmundodegallasalva.es\/index.php?rest_route=\/wp\/v2\/pages\/2386"}],"collection":[{"href":"https:\/\/www.elmundodegallasalva.es\/index.php?rest_route=\/wp\/v2\/pages"}],"about":[{"href":"https:\/\/www.elmundodegallasalva.es\/index.php?rest_route=\/wp\/v2\/types\/page"}],"author":[{"embeddable":true,"href":"https:\/\/www.elmundodegallasalva.es\/index.php?rest_route=\/wp\/v2\/users\/1"}],"replies":[{"embeddable":true,"href":"https:\/\/www.elmundodegallasalva.es\/index.php?rest_route=%2Fwp%2Fv2%2Fcomments&post=2386"}],"version-history":[{"count":0,"href":"https:\/\/www.elmundodegallasalva.es\/index.php?rest_route=\/wp\/v2\/pages\/2386\/revisions"}],"up":[{"embeddable":true,"href":"https:\/\/www.elmundodegallasalva.es\/index.php?rest_route=\/wp\/v2\/pages\/214"}],"wp:attachment":[{"href":"https:\/\/www.elmundodegallasalva.es\/index.php?rest_route=%2Fwp%2Fv2%2Fmedia&parent=2386"}],"curies":[{"name":"wp","href":"https:\/\/api.w.org\/{rel}","templated":true}]}}